CRAN Package Check Results for Package thurstonianIRT

Last updated on 2021-10-27 16:49:21 CEST.

Flavor Version Tinstall Tcheck Ttotal Status Flags
r-devel-linux-x86_64-debian-clang 0.12.1 251.65 147.99 399.64 NOTE
r-devel-linux-x86_64-debian-gcc 0.12.1 215.67 122.82 338.49 NOTE
r-devel-linux-x86_64-fedora-clang 0.12.1 577.51 NOTE
r-devel-linux-x86_64-fedora-gcc 0.12.1 593.03 NOTE
r-devel-windows-x86_64 0.12.1 298.00 232.00 530.00 NOTE
r-devel-windows-x86_64-gcc10-UCRT 0.12.1 NOTE
r-patched-linux-x86_64 0.12.1 234.69 151.33 386.02 NOTE
r-patched-solaris-x86 0.12.1 548.60 NOTE
r-release-linux-x86_64 0.12.1 237.27 153.45 390.72 NOTE
r-release-macos-arm64 0.12.1 NOTE
r-release-macos-x86_64 0.12.1 NOTE
r-release-windows-ix86+x86_64 0.12.1 424.00 347.00 771.00 NOTE
r-oldrel-macos-x86_64 0.12.1 NOTE
r-oldrel-windows-ix86+x86_64 0.12.1 569.00 332.00 901.00 NOTE

Check Details

Version: 0.12.1
Check: for GNU extensions in Makefiles
Result: NOTE
    GNU make is a SystemRequirements.
Flavors: r-devel-linux-x86_64-debian-clang, r-devel-linux-x86_64-debian-gcc, r-devel-linux-x86_64-fedora-clang, r-devel-linux-x86_64-fedora-gcc, r-devel-windows-x86_64, r-devel-windows-x86_64-gcc10-UCRT, r-patched-linux-x86_64, r-patched-solaris-x86, r-release-linux-x86_64, r-release-macos-arm64, r-release-macos-x86_64, r-release-windows-ix86+x86_64, r-oldrel-macos-x86_64, r-oldrel-windows-ix86+x86_64

Version: 0.12.1
Check: installed package size
Result: NOTE
     installed size is 40.5Mb
     sub-directories of 1Mb or more:
     libs 40.0Mb
Flavors: r-devel-linux-x86_64-fedora-clang, r-release-macos-arm64, r-release-macos-x86_64, r-release-windows-ix86+x86_64, r-oldrel-macos-x86_64, r-oldrel-windows-ix86+x86_64

Version: 0.12.1
Check: dependencies in R code
Result: NOTE
    Namespaces in Imports field not imported from:
     ‘RcppParallel’ ‘knitr’
     All declared Imports should be used.
Flavors: r-devel-linux-x86_64-fedora-clang, r-devel-linux-x86_64-fedora-gcc, r-devel-windows-x86_64-gcc10-UCRT, r-patched-solaris-x86, r-release-macos-arm64, r-release-macos-x86_64, r-oldrel-macos-x86_64