Last updated on 2023-06-09 08:56:24 CEST.
Flavor | Version | Tinstall | Tcheck | Ttotal | Status | Flags |
---|---|---|---|---|---|---|
r-devel-linux-x86_64-debian-clang | 1.1.0 | 9.82 | 148.18 | 158.00 | NOTE | |
r-devel-linux-x86_64-debian-gcc | 1.1.0 | 8.76 | 107.51 | 116.27 | NOTE | |
r-devel-linux-x86_64-fedora-clang | 1.1.0 | 203.28 | NOTE | |||
r-devel-linux-x86_64-fedora-gcc | 1.1.0 | 205.20 | NOTE | |||
r-devel-windows-x86_64 | 1.1.0 | 13.00 | 145.00 | 158.00 | NOTE | |
r-patched-linux-x86_64 | 1.1.0 | 10.77 | 138.88 | 149.65 | NOTE | |
r-release-linux-x86_64 | 1.1.0 | 11.01 | 141.45 | 152.46 | NOTE | |
r-release-macos-arm64 | 1.1.0 | 67.00 | NOTE | |||
r-release-macos-x86_64 | 1.1.0 | 106.00 | NOTE | |||
r-release-windows-x86_64 | 1.1.0 | 14.00 | 163.00 | 177.00 | NOTE | |
r-oldrel-macos-arm64 | 1.1.0 | 54.00 | NOTE | |||
r-oldrel-macos-x86_64 | 1.1.0 | 105.00 | NOTE | |||
r-oldrel-windows-x86_64 | 1.1.0 | 15.00 | 161.00 | 176.00 | OK |
Version: 1.1.0
Check: package subdirectories
Result: NOTE
Problems with news in ‘NEWS.md’:
Cannot extract version info from the following section titles:
Minor changes:
Flavors: r-devel-linux-x86_64-debian-clang, r-devel-linux-x86_64-debian-gcc, r-devel-linux-x86_64-fedora-clang, r-devel-linux-x86_64-fedora-gcc, r-devel-windows-x86_64, r-patched-linux-x86_64, r-release-linux-x86_64, r-release-macos-arm64, r-release-macos-x86_64, r-release-windows-x86_64
Version: 1.1.0
Check: dependencies in R code
Result: NOTE
Namespace in Imports field not imported from: ‘mix’
All declared Imports should be used.
Flavors: r-devel-linux-x86_64-fedora-clang, r-devel-linux-x86_64-fedora-gcc, r-oldrel-macos-arm64, r-oldrel-macos-x86_64
Version: 1.1.0
Check: package dependencies
Result: NOTE
Package suggested but not available for checking: ‘lme4’
Flavor: r-release-macos-x86_64