CRAN Package Check Results for Package tidyMicro

Last updated on 2021-10-25 00:49:29 CEST.

Flavor Version Tinstall Tcheck Ttotal Status Flags
r-devel-linux-x86_64-debian-clang 1.47 16.92 310.04 326.96 OK
r-devel-linux-x86_64-debian-gcc 1.47 14.80 219.89 234.69 OK
r-devel-linux-x86_64-fedora-clang 1.47 397.22 NOTE
r-devel-linux-x86_64-fedora-gcc 1.47 363.05 NOTE
r-devel-windows-x86_64 1.47 29.00 378.00 407.00 OK
r-devel-windows-x86_64-gcc10-UCRT 1.47 NOTE
r-patched-linux-x86_64 1.47 17.02 285.65 302.67 OK
r-patched-solaris-x86 1.47 481.20 NOTE
r-release-linux-x86_64 1.47 17.41 285.07 302.48 OK
r-release-macos-arm64 1.47 NOTE
r-release-macos-x86_64 1.47 NOTE
r-release-windows-ix86+x86_64 1.47 26.00 361.00 387.00 OK
r-oldrel-macos-x86_64 1.47 NOTE
r-oldrel-windows-ix86+x86_64 1.47 43.00 351.00 394.00 OK

Check Details

Version: 1.47
Check: package dependencies
Result: NOTE
    Imports includes 30 non-default packages.
    Importing from so many packages makes the package vulnerable to any of
    them becoming unavailable. Move as many as possible to Suggests and
    use conditionally.
Flavor: r-devel-linux-x86_64-fedora-clang

Version: 1.47
Check: dependencies in R code
Result: NOTE
    Namespaces in Imports field not imported from:
     ‘Evomorph’ ‘cowplot’ ‘factoextra’ ‘gridExtra’ ‘lme4’ ‘lsr’ ‘plotly’
     ‘png’ ‘shapes’
     All declared Imports should be used.
Flavors: r-devel-linux-x86_64-fedora-clang, r-devel-linux-x86_64-fedora-gcc, r-devel-windows-x86_64-gcc10-UCRT, r-patched-solaris-x86, r-release-macos-arm64, r-release-macos-x86_64, r-oldrel-macos-x86_64