CRAN Package Check Results for Package tidyboot

Last updated on 2023-09-24 21:04:57 CEST.

Flavor Version Tinstall Tcheck Ttotal Status Flags
r-devel-linux-x86_64-debian-clang 0.1.1 4.24 78.01 82.25 NOTE
r-devel-linux-x86_64-debian-gcc 0.1.1 3.91 58.82 62.73 NOTE
r-devel-linux-x86_64-fedora-clang 0.1.1 100.26 NOTE
r-devel-linux-x86_64-fedora-gcc 0.1.1 97.64 NOTE
r-devel-windows-x86_64 0.1.1 5.00 77.00 82.00 NOTE
r-patched-linux-x86_64 0.1.1 4.82 74.77 79.59 NOTE
r-release-linux-x86_64 0.1.1 3.52 75.98 79.50 NOTE
r-release-macos-arm64 0.1.1 36.00 NOTE
r-release-macos-x86_64 0.1.1 57.00 NOTE
r-release-windows-x86_64 0.1.1 6.00 94.00 100.00 NOTE
r-oldrel-macos-arm64 0.1.1 30.00 NOTE
r-oldrel-macos-x86_64 0.1.1 57.00 NOTE
r-oldrel-windows-x86_64 0.1.1 8.00 95.00 103.00 NOTE

Check Details

Version: 0.1.1
Check: package subdirectories
Result: NOTE
    Problems with news in ‘NEWS.md’:
    No news entries found.
Flavors: r-devel-linux-x86_64-debian-clang, r-devel-linux-x86_64-debian-gcc, r-devel-linux-x86_64-fedora-clang, r-devel-linux-x86_64-fedora-gcc, r-devel-windows-x86_64, r-patched-linux-x86_64, r-release-linux-x86_64, r-release-macos-arm64, r-release-macos-x86_64, r-release-windows-x86_64

Version: 0.1.1
Check: LazyData
Result: NOTE
     'LazyData' is specified without a 'data' directory
Flavors: r-devel-linux-x86_64-debian-clang, r-devel-linux-x86_64-debian-gcc, r-devel-linux-x86_64-fedora-clang, r-devel-linux-x86_64-fedora-gcc, r-devel-windows-x86_64, r-patched-linux-x86_64, r-release-linux-x86_64, r-release-macos-arm64, r-release-macos-x86_64, r-release-windows-x86_64, r-oldrel-macos-arm64, r-oldrel-macos-x86_64, r-oldrel-windows-x86_64