CRAN Package Check Results for Package tidycensus

Last updated on 2021-09-23 00:49:07 CEST.

Flavor Version Tinstall Tcheck Ttotal Status Flags
r-devel-linux-x86_64-debian-clang 1.0 14.36 91.78 106.14 OK
r-devel-linux-x86_64-debian-gcc 1.0 11.07 69.21 80.28 OK
r-devel-linux-x86_64-fedora-clang 1.0 136.24 NOTE
r-devel-linux-x86_64-fedora-gcc 1.0 120.77 NOTE
r-devel-windows-x86_64 1.0 17.00 105.00 122.00 OK
r-devel-windows-x86_64-gcc10-UCRT 1.0 ERROR
r-patched-linux-x86_64 1.0 11.26 85.68 96.94 OK
r-patched-solaris-x86 1.0 202.30 NOTE
r-release-linux-x86_64 1.0 10.58 87.51 98.09 OK
r-release-macos-arm64 1.0 NOTE
r-release-macos-x86_64 1.0 NOTE
r-release-windows-ix86+x86_64 1.0 39.00 101.00 140.00 OK
r-oldrel-macos-x86_64 1.0 NOTE
r-oldrel-windows-ix86+x86_64 1.0 23.00 115.00 138.00 OK

Check Details

Version: 1.0
Check: data for non-ASCII characters
Result: NOTE
     Note: found 2 marked UTF-8 strings
Flavors: r-devel-linux-x86_64-fedora-clang, r-devel-linux-x86_64-fedora-gcc, r-patched-solaris-x86, r-release-macos-arm64, r-release-macos-x86_64, r-oldrel-macos-x86_64

Version: 1.0
Check: package dependencies
Result: ERROR
    Packages required but not available:
     'sf', 'tigris', 'rvest', 'xml2', 'units'
    
    See section 'The DESCRIPTION file' in the 'Writing R Extensions'
    manual.
Flavor: r-devel-windows-x86_64-gcc10-UCRT