CRAN Package Check Results for Package tidyfst

Last updated on 2022-01-21 23:49:03 CET.

Flavor Version Tinstall Tcheck Ttotal Status Flags
r-devel-linux-x86_64-debian-clang 1.5.0 5.48 114.36 119.84 OK
r-devel-linux-x86_64-debian-gcc 1.5.0 4.47 81.43 85.90 OK
r-devel-linux-x86_64-fedora-clang 1.5.0 135.10 NOTE
r-devel-linux-x86_64-fedora-gcc 1.5.0 117.10 OK
r-devel-windows-x86_64-new-UL 1.5.0 81.00 171.00 252.00 OK
r-devel-windows-x86_64-new-TK 1.5.0 OK
r-patched-linux-x86_64 1.5.0 7.16 111.09 118.25 OK
r-release-linux-x86_64 1.5.0 5.26 110.01 115.27 OK
r-release-macos-arm64 1.5.0 OK
r-release-macos-x86_64 1.5.0 OK
r-release-windows-ix86+x86_64 1.5.0 11.00 136.00 147.00 OK
r-oldrel-macos-x86_64 1.5.0 OK
r-oldrel-windows-ix86+x86_64 1.5.0 11.00 135.00 146.00 OK

Check Details

Version: 1.5.0
Check: Rd cross-references
Result: NOTE
    Undeclared packages ‘fastDummies’, ‘widyr’, ‘sjmisc’ in Rd xrefs
Flavor: r-devel-linux-x86_64-fedora-clang