CRAN Package Check Results for Package tidygraph

Last updated on 2021-10-22 12:59:32 CEST.

Flavor Version Tinstall Tcheck Ttotal Status Flags
r-devel-linux-x86_64-debian-clang 1.2.0 27.41 90.56 117.97 NOTE
r-devel-linux-x86_64-debian-gcc 1.2.0 19.53 67.29 86.82 NOTE
r-devel-linux-x86_64-fedora-clang 1.2.0 165.65 NOTE
r-devel-linux-x86_64-fedora-gcc 1.2.0 148.52 NOTE
r-devel-windows-x86_64 1.2.0 40.00 104.00 144.00 NOTE
r-devel-windows-x86_64-gcc10-UCRT 1.2.0 ERROR
r-patched-linux-x86_64 1.2.0 28.33 85.62 113.95 NOTE
r-patched-solaris-x86 1.2.0 177.70 NOTE
r-release-linux-x86_64 1.2.0 23.28 85.06 108.34 NOTE
r-release-macos-arm64 1.2.0 NOTE
r-release-macos-x86_64 1.2.0 NOTE
r-release-windows-ix86+x86_64 1.2.0 44.00 169.00 213.00 NOTE
r-oldrel-macos-x86_64 1.2.0 OK
r-oldrel-windows-ix86+x86_64 1.2.0 68.00 172.00 240.00 OK

Check Details

Version: 1.2.0
Check: LazyData
Result: NOTE
     'LazyData' is specified without a 'data' directory
Flavors: r-devel-linux-x86_64-debian-clang, r-devel-linux-x86_64-debian-gcc, r-devel-linux-x86_64-fedora-clang, r-devel-linux-x86_64-fedora-gcc, r-devel-windows-x86_64, r-patched-linux-x86_64, r-patched-solaris-x86, r-release-linux-x86_64, r-release-macos-arm64, r-release-macos-x86_64, r-release-windows-ix86+x86_64

Version: 1.2.0
Check: package dependencies
Result: ERROR
    Package required but not available: 'igraph'
    
    Packages suggested but not available for checking:
     'netrankr', 'influenceR', 'NetSwan'
    
    See section 'The DESCRIPTION file' in the 'Writing R Extensions'
    manual.
Flavor: r-devel-windows-x86_64-gcc10-UCRT