Last updated on 2023-06-03 04:56:05 CEST.
Flavor | Version | Tinstall | Tcheck | Ttotal | Status | Flags |
---|---|---|---|---|---|---|
r-devel-linux-x86_64-debian-clang | 1.0.2 | 6.19 | 75.58 | 81.77 | NOTE | |
r-devel-linux-x86_64-debian-gcc | 1.0.2 | 4.45 | 57.05 | 61.50 | NOTE | |
r-devel-linux-x86_64-fedora-clang | 1.0.2 | 104.81 | NOTE | |||
r-devel-linux-x86_64-fedora-gcc | 1.0.2 | 106.06 | NOTE | |||
r-devel-windows-x86_64 | 1.0.2 | 8.00 | 88.00 | 96.00 | NOTE | |
r-patched-linux-x86_64 | 1.0.2 | NOTE | ||||
r-release-linux-x86_64 | 1.0.2 | 4.20 | 71.93 | 76.13 | NOTE | |
r-release-macos-arm64 | 1.0.2 | 42.00 | NOTE | |||
r-release-macos-x86_64 | 1.0.2 | 64.00 | NOTE | |||
r-release-windows-x86_64 | 1.0.2 | 8.00 | 97.00 | 105.00 | NOTE | |
r-oldrel-macos-arm64 | 1.0.2 | 33.00 | NOTE | |||
r-oldrel-macos-x86_64 | 1.0.2 | 57.00 | NOTE | |||
r-oldrel-windows-x86_64 | 1.0.2 | 9.00 | 101.00 | 110.00 | NOTE |
Version: 1.0.2
Check: LazyData
Result: NOTE
'LazyData' is specified without a 'data' directory
Flavors: r-devel-linux-x86_64-debian-clang, r-devel-linux-x86_64-debian-gcc, r-devel-linux-x86_64-fedora-clang, r-devel-linux-x86_64-fedora-gcc, r-devel-windows-x86_64, r-patched-linux-x86_64, r-release-linux-x86_64, r-release-macos-arm64, r-release-macos-x86_64, r-release-windows-x86_64, r-oldrel-macos-arm64, r-oldrel-macos-x86_64, r-oldrel-windows-x86_64