CRAN Package Check Results for Package tidyposterior

Last updated on 2024-03-05 04:04:55 CET.

Flavor Version Tinstall Tcheck Ttotal Status Flags
r-devel-linux-x86_64-debian-clang 1.0.1 27.57 304.52 332.09 OK
r-devel-linux-x86_64-debian-gcc 1.0.1 21.44 228.57 250.01 OK
r-devel-linux-x86_64-fedora-clang 1.0.1 427.38 OK
r-devel-linux-x86_64-fedora-gcc 1.0.1 415.45 OK
r-devel-windows-x86_64 1.0.1 23.00 201.00 224.00 OK
r-patched-linux-x86_64 1.0.1 40.84 300.52 341.36 OK
r-release-linux-x86_64 1.0.1 0.33 1.92 2.25 ERROR
r-release-macos-arm64 1.0.1 140.00 OK
r-release-macos-x86_64 1.0.1 255.00 OK
r-release-windows-x86_64 1.0.1 23.00 264.00 287.00 OK
r-oldrel-macos-arm64 1.0.1 143.00 OK
r-oldrel-windows-x86_64 1.0.1 24.00 254.00 278.00 OK

Check Details

Version: 1.0.1
Check: package dependencies
Result: ERROR Package required but not available: ‘rstanarm’ See section ‘The DESCRIPTION file’ in the ‘Writing R Extensions’ manual. Flavor: r-release-linux-x86_64