CRAN Package Check Results for Package tidyseurat

Last updated on 2021-12-04 16:50:35 CET.

Flavor Version Tinstall Tcheck Ttotal Status Flags
r-devel-linux-x86_64-debian-clang 0.3.0 19.98 235.39 255.37 OK
r-devel-linux-x86_64-debian-gcc 0.3.0 15.88 179.69 195.57 OK
r-devel-linux-x86_64-fedora-clang 0.3.0 269.78 OK
r-devel-linux-x86_64-fedora-gcc 0.3.0 311.24 OK
r-devel-windows-x86_64-new-UL 0.3.0 44.00 291.00 335.00 OK
r-devel-windows-x86_64-new-TK 0.3.0 OK
r-devel-windows-x86_64-old 0.3.0 36.00 201.00 237.00 OK
r-patched-linux-x86_64 0.3.0 20.33 214.03 234.36 OK
r-release-linux-x86_64 0.3.0 16.83 215.35 232.18 OK
r-release-macos-arm64 0.3.0 NOTE
r-release-macos-x86_64 0.3.0 NOTE
r-release-windows-ix86+x86_64 0.3.0 53.00 280.00 333.00 OK
r-oldrel-macos-x86_64 0.3.0 NOTE
r-oldrel-windows-ix86+x86_64 0.3.0 3.00 9.00 12.00 ERROR

Check Details

Version: 0.3.0
Check: package dependencies
Result: NOTE
    Package suggested but not available for checking: ‘SingleR’
Flavors: r-release-macos-arm64, r-release-macos-x86_64, r-oldrel-macos-x86_64

Version: 0.3.0
Check: whether package can be installed
Result: ERROR
    Installation failed.
Flavor: r-oldrel-windows-ix86+x86_64