Last updated on 2023-09-25 05:01:39 CEST.
Flavor | Version | Tinstall | Tcheck | Ttotal | Status | Flags |
---|---|---|---|---|---|---|
r-devel-linux-x86_64-debian-clang | 0.4.0 | 32.75 | 471.95 | 504.70 | OK | |
r-devel-linux-x86_64-debian-gcc | 0.4.0 | 25.01 | 372.36 | 397.37 | OK | |
r-devel-linux-x86_64-fedora-clang | 0.4.0 | 620.31 | NOTE | |||
r-devel-linux-x86_64-fedora-gcc | 0.4.0 | 556.39 | OK | |||
r-devel-windows-x86_64 | 0.4.0 | 25.00 | 287.00 | 312.00 | OK | |
r-patched-linux-x86_64 | 0.4.0 | 22.01 | 396.47 | 418.48 | OK | |
r-release-linux-x86_64 | 0.4.0 | 21.61 | 411.21 | 432.82 | OK | |
r-release-macos-arm64 | 0.4.0 | 139.00 | OK | |||
r-release-macos-x86_64 | 0.4.0 | 251.00 | OK | |||
r-release-windows-x86_64 | 0.4.0 | 36.00 | 383.00 | 419.00 | OK | |
r-oldrel-macos-arm64 | 0.4.0 | 115.00 | OK | |||
r-oldrel-macos-x86_64 | 0.4.0 | 165.00 | OK | |||
r-oldrel-windows-x86_64 | 0.4.0 | 37.00 | 361.00 | 398.00 | OK |
Version: 0.4.0
Check: Rd cross-references
Result: NOTE
Undeclared package ‘vctrs’ in Rd xrefs
Flavor: r-devel-linux-x86_64-fedora-clang