CRAN Package Check Results for Package timelineR

Last updated on 2022-01-26 08:51:33 CET.

Flavor Version Tinstall Tcheck Ttotal Status Flags
r-devel-linux-x86_64-debian-clang 1.0.0 6.21 96.22 102.43 NOTE
r-devel-linux-x86_64-debian-gcc 1.0.0 5.60 72.47 78.07 NOTE
r-devel-linux-x86_64-fedora-clang 1.0.0 119.57 NOTE
r-devel-linux-x86_64-fedora-gcc 1.0.0 108.84 NOTE
r-devel-windows-x86_64-new-UL 1.0.0 48.00 111.00 159.00 NOTE
r-devel-windows-x86_64-new-TK 1.0.0 NOTE
r-patched-linux-x86_64 1.0.0 5.42 71.31 76.73 NOTE
r-release-linux-x86_64 1.0.0 5.29 69.16 74.45 NOTE
r-release-macos-arm64 1.0.0 NOTE
r-release-macos-x86_64 1.0.0 NOTE
r-release-windows-ix86+x86_64 1.0.0 16.00 84.00 100.00 NOTE
r-oldrel-macos-x86_64 1.0.0 OK
r-oldrel-windows-ix86+x86_64 1.0.0 20.00 86.00 106.00 OK

Check Details

Version: 1.0.0
Check: LazyData
Result: NOTE
     'LazyData' is specified without a 'data' directory
Flavors: r-devel-linux-x86_64-debian-clang, r-devel-linux-x86_64-debian-gcc, r-devel-linux-x86_64-fedora-clang, r-devel-linux-x86_64-fedora-gcc, r-devel-windows-x86_64-new-UL, r-devel-windows-x86_64-new-TK, r-patched-linux-x86_64, r-release-linux-x86_64, r-release-macos-arm64, r-release-macos-x86_64, r-release-windows-ix86+x86_64