Last updated on 2023-05-31 01:03:33 CEST.
Flavor | Version | Tinstall | Tcheck | Ttotal | Status | Flags |
---|---|---|---|---|---|---|
r-devel-linux-x86_64-debian-clang | 2.3.0 | 38.26 | 384.98 | 423.24 | OK | |
r-devel-linux-x86_64-debian-gcc | 2.3.0 | 32.18 | 289.00 | 321.18 | OK | |
r-devel-linux-x86_64-fedora-clang | 2.3.0 | 536.98 | NOTE | |||
r-devel-linux-x86_64-fedora-gcc | 2.3.0 | 561.84 | NOTE | |||
r-devel-windows-x86_64 | 2.3.0 | 38.00 | 297.00 | 335.00 | OK | |
r-patched-linux-x86_64 | 2.3.0 | 39.15 | 356.23 | 395.38 | OK | |
r-release-linux-x86_64 | 2.3.0 | 36.14 | 357.33 | 393.47 | OK | |
r-release-macos-arm64 | 2.3.0 | 76.00 | OK | |||
r-release-macos-x86_64 | 2.2.9 | 247.00 | OK | |||
r-release-windows-x86_64 | 2.3.0 | 49.00 | 397.00 | 446.00 | OK | |
r-oldrel-macos-arm64 | 2.3.0 | 74.00 | OK | |||
r-oldrel-macos-x86_64 | 2.3.0 | 172.00 | OK | |||
r-oldrel-windows-x86_64 | 2.3.0 | 50.00 | 364.00 | 414.00 | OK |
Version: 2.3.0
Check: data for non-ASCII characters
Result: NOTE
Note: found 2 marked UTF-8 strings
Flavors: r-devel-linux-x86_64-fedora-clang, r-devel-linux-x86_64-fedora-gcc