Last updated on 2023-03-29 16:50:37 CEST.
Flavor | Version | Tinstall | Tcheck | Ttotal | Status | Flags |
---|---|---|---|---|---|---|
r-devel-linux-x86_64-debian-clang | 0.0.1 | 51.98 | 105.36 | 157.34 | NOTE | |
r-devel-linux-x86_64-debian-gcc | 0.0.1 | 48.21 | 84.63 | 132.84 | NOTE | |
r-devel-linux-x86_64-fedora-clang | 0.0.1 | 218.96 | NOTE | |||
r-devel-linux-x86_64-fedora-gcc | 0.0.1 | 223.43 | NOTE | |||
r-patched-linux-x86_64 | 0.0.1 | 52.32 | 108.09 | 160.41 | NOTE | |
r-release-linux-x86_64 | 0.0.1 | 53.41 | 112.26 | 165.67 | OK | |
r-release-macos-arm64 | 0.0.1 | 73.00 | NOTE | |||
r-release-macos-x86_64 | 0.0.1 | 96.00 | NOTE | |||
r-release-windows-x86_64 | 0.0.1 | 49.00 | 172.00 | 221.00 | OK | |
r-oldrel-macos-arm64 | 0.0.1 | 64.00 | NOTE | |||
r-oldrel-macos-x86_64 | 0.0.1 | 101.00 | NOTE | |||
r-oldrel-windows-ix86+x86_64 | 0.0.1 | 137.00 | 190.00 | 327.00 | NOTE |
Version: 0.0.1
Check: C++ specification
Result: NOTE
Specified C++11: please drop specification unless essential
Flavors: r-devel-linux-x86_64-debian-clang, r-devel-linux-x86_64-debian-gcc, r-devel-linux-x86_64-fedora-clang, r-devel-linux-x86_64-fedora-gcc, r-patched-linux-x86_64
Version: 0.0.1
Check: installed package size
Result: NOTE
installed size is 7.5Mb
sub-directories of 1Mb or more:
doc 2.3Mb
libs 4.7Mb
Flavors: r-release-macos-arm64, r-release-macos-x86_64, r-oldrel-macos-arm64, r-oldrel-macos-x86_64, r-oldrel-windows-ix86+x86_64