CRAN Package Check Results for Package tok

Last updated on 2024-03-03 00:16:07 CET.

Flavor Version Tinstall Tcheck Ttotal Status Flags
r-devel-linux-x86_64-debian-clang 0.1.1 496.53 28.46 524.99 OK
r-devel-linux-x86_64-debian-gcc 0.1.1 390.71 22.18 412.89 OK
r-devel-linux-x86_64-fedora-clang 0.1.1 738.49 NOTE
r-devel-linux-x86_64-fedora-gcc 0.1.1 741.32 OK
r-devel-windows-x86_64 0.1.1 68.00 125.00 193.00 NOTE
r-patched-linux-x86_64 0.1.1 493.34 27.82 521.16 OK
r-release-linux-x86_64 0.1.1 491.58 28.01 519.59 OK
r-release-macos-arm64 0.1.1 131.00 NOTE
r-release-macos-x86_64 0.1.1 138.00 NOTE
r-release-windows-x86_64 0.1.1 66.00 146.00 212.00 NOTE
r-oldrel-macos-arm64 0.1.1 119.00 NOTE
r-oldrel-windows-x86_64 0.1.1 103.00 118.00 221.00 WARN

Check Details

Version: 0.1.1
Check: installed package size
Result: NOTE installed size is 13.2Mb sub-directories of 1Mb or more: libs 13.0Mb Flavors: r-devel-linux-x86_64-fedora-clang, r-devel-windows-x86_64, r-release-macos-arm64, r-release-macos-x86_64, r-release-windows-x86_64, r-oldrel-macos-arm64, r-oldrel-windows-x86_64

Version: 0.1.1
Check: whether package can be installed
Result: WARN Found the following significant warnings: Warning: corrupt .drectve at end of def file Flavor: r-oldrel-windows-x86_64