Last updated on 2022-05-22 09:52:30 CEST.
Flavor | Version | Tinstall | Tcheck | Ttotal | Status | Flags |
---|---|---|---|---|---|---|
r-devel-linux-x86_64-debian-clang | 0.1.0 | 3.41 | 121.62 | 125.03 | NOTE | |
r-devel-linux-x86_64-debian-gcc | 0.1.0 | 3.02 | 85.01 | 88.03 | NOTE | |
r-devel-linux-x86_64-fedora-clang | 0.1.0 | 153.43 | NOTE | |||
r-devel-linux-x86_64-fedora-gcc | 0.1.0 | 158.35 | NOTE | |||
r-devel-windows-x86_64 | 0.1.0 | 21.00 | 176.00 | 197.00 | NOTE | |
r-patched-linux-x86_64 | 0.1.0 | 3.62 | 126.28 | 129.90 | NOTE | |
r-release-linux-x86_64 | 0.1.0 | 2.65 | 126.32 | 128.97 | NOTE | |
r-release-macos-arm64 | 0.1.0 | 56.00 | NOTE | |||
r-release-macos-x86_64 | 0.1.0 | 79.00 | NOTE | |||
r-release-windows-x86_64 | 0.1.0 | 18.00 | 175.00 | 193.00 | NOTE | |
r-oldrel-macos-arm64 | 0.1.0 | 73.00 | NOTE | |||
r-oldrel-macos-x86_64 | 0.1.0 | 116.00 | NOTE | |||
r-oldrel-windows-ix86+x86_64 | 0.1.0 | 10.00 | 186.00 | 196.00 | NOTE |
Version: 0.1.0
Check: LazyData
Result: NOTE
'LazyData' is specified without a 'data' directory
Flavors: r-devel-linux-x86_64-debian-clang, r-devel-linux-x86_64-debian-gcc, r-devel-linux-x86_64-fedora-clang, r-devel-linux-x86_64-fedora-gcc, r-devel-windows-x86_64, r-patched-linux-x86_64, r-release-linux-x86_64, r-release-macos-arm64, r-release-macos-x86_64, r-release-windows-x86_64, r-oldrel-macos-arm64, r-oldrel-macos-x86_64, r-oldrel-windows-ix86+x86_64
Version: 0.1.0
Check: Rd cross-references
Result: NOTE
Undeclared package ‘stm’ in Rd xrefs
Flavor: r-devel-linux-x86_64-fedora-clang