CRAN Package Check Results for Package tractor.base

Last updated on 2025-01-18 20:48:36 CET.

Flavor Version Tinstall Tcheck Ttotal Status Flags
r-devel-linux-x86_64-debian-clang 3.4.2 9.03 54.11 63.14 NOTE
r-devel-linux-x86_64-debian-gcc 3.4.2 6.81 37.33 44.14 NOTE
r-devel-linux-x86_64-fedora-clang 3.4.2 103.80 OK
r-devel-linux-x86_64-fedora-gcc 3.4.2 99.79 OK
r-devel-windows-x86_64 3.4.2 11.00 80.00 91.00 NOTE
r-patched-linux-x86_64 3.4.2 11.09 50.86 61.95 OK
r-release-linux-x86_64 3.4.2 9.28 50.87 60.15 OK
r-release-macos-arm64 3.4.2 29.00 OK
r-release-macos-x86_64 3.4.2 51.00 OK
r-release-windows-x86_64 3.4.2 10.00 82.00 92.00 OK
r-oldrel-macos-arm64 3.4.2 38.00 OK
r-oldrel-macos-x86_64 3.4.2 72.00 OK
r-oldrel-windows-x86_64 3.4.2 14.00 86.00 100.00 OK

Check Details

Version: 3.4.2
Check: Rd cross-references
Result: NOTE Found the following Rd file(s) with Rd \link{} targets missing package anchors: printLabelledValues.Rd: setOutputLevel Please provide package anchors for all Rd \link{} targets not in the package itself and the base packages. Flavors: r-devel-linux-x86_64-debian-clang, r-devel-linux-x86_64-debian-gcc, r-devel-windows-x86_64