CRAN Package Check Results for Package trajectories

Last updated on 2022-01-23 12:05:27 CET.

Flavor Version Tinstall Tcheck Ttotal Status Flags
r-devel-linux-x86_64-debian-clang 0.2-3 11.96 178.76 190.72 NOTE
r-devel-linux-x86_64-debian-gcc 0.2-3 11.85 145.59 157.44 NOTE
r-devel-linux-x86_64-fedora-clang 0.2-3 232.23 NOTE
r-devel-linux-x86_64-fedora-gcc 0.2-3 236.01 NOTE
r-devel-windows-x86_64-new-UL 0.2-3 189.00 233.00 422.00 NOTE
r-devel-windows-x86_64-new-TK 0.2-3 NOTE
r-patched-linux-x86_64 0.2-3 14.56 172.42 186.98 NOTE
r-release-linux-x86_64 0.2-3 12.29 168.20 180.49 NOTE
r-release-macos-arm64 0.2-3 NOTE
r-release-macos-x86_64 0.2-3 NOTE
r-release-windows-ix86+x86_64 0.2-3 25.00 212.00 237.00 NOTE
r-oldrel-macos-x86_64 0.2-3 NOTE
r-oldrel-windows-ix86+x86_64 0.2-3 27.00 220.00 247.00 NOTE

Check Details

Version: 0.2-3
Check: package dependencies
Result: NOTE
    Package suggested but not available for checking: 'taxidata'
Flavors: r-devel-linux-x86_64-debian-clang, r-devel-linux-x86_64-debian-gcc, r-devel-linux-x86_64-fedora-clang, r-devel-linux-x86_64-fedora-gcc, r-devel-windows-x86_64-new-UL, r-devel-windows-x86_64-new-TK, r-patched-linux-x86_64, r-release-linux-x86_64, r-release-macos-arm64, r-release-macos-x86_64, r-release-windows-ix86+x86_64, r-oldrel-macos-x86_64, r-oldrel-windows-ix86+x86_64