CRAN Package Check Results for Package transfR

Last updated on 2025-01-22 16:49:37 CET.

Flavor Version Tinstall Tcheck Ttotal Status Flags
r-devel-linux-x86_64-debian-clang 1.0.11 7.69 88.08 95.77 NOTE
r-devel-linux-x86_64-debian-gcc 1.0.11 5.53 64.95 70.48 NOTE
r-devel-linux-x86_64-fedora-clang 1.0.11 157.76 NOTE
r-devel-linux-x86_64-fedora-gcc 1.0.11 163.55 NOTE
r-devel-windows-x86_64 1.0.11 11.00 421.00 432.00 NOTE
r-patched-linux-x86_64 1.0.11 7.19 84.39 91.58 NOTE
r-release-linux-x86_64 1.0.11 6.03 83.94 89.97 NOTE
r-release-macos-arm64 1.0.11 198.00 NOTE
r-release-macos-x86_64 1.0.11 323.00 NOTE
r-release-windows-x86_64 1.0.11 11.00 428.00 439.00 NOTE
r-oldrel-macos-arm64 1.0.11 198.00 OK
r-oldrel-macos-x86_64 1.0.11 504.00 OK
r-oldrel-windows-x86_64 1.0.11 13.00 409.00 422.00 OK

Check Details

Version: 1.0.11
Check: Rd files
Result: NOTE checkRd: (-1) Blavet.Rd:15: Lost braces in \itemize; meant \describe ? checkRd: (-1) Blavet.Rd:16: Lost braces in \itemize; meant \describe ? checkRd: (-1) Blavet.Rd:17: Lost braces in \itemize; meant \describe ? checkRd: (-1) Blavet.Rd:18: Lost braces in \itemize; meant \describe ? checkRd: (-1) Blavet.Rd:19: Lost braces in \itemize; meant \describe ? checkRd: (-1) Blavet.Rd:20: Lost braces in \itemize; meant \describe ? checkRd: (-1) Blavet.Rd:28: Lost braces in \itemize; meant \describe ? checkRd: (-1) Blavet.Rd:29: Lost braces in \itemize; meant \describe ? checkRd: (-1) Blavet.Rd:30: Lost braces in \itemize; meant \describe ? checkRd: (-1) Oudon.Rd:15: Lost braces in \itemize; meant \describe ? checkRd: (-1) Oudon.Rd:16: Lost braces in \itemize; meant \describe ? checkRd: (-1) Oudon.Rd:17: Lost braces in \itemize; meant \describe ? checkRd: (-1) Oudon.Rd:18: Lost braces in \itemize; meant \describe ? checkRd: (-1) Oudon.Rd:19: Lost braces in \itemize; meant \describe ? checkRd: (-1) Oudon.Rd:20: Lost braces in \itemize; meant \describe ? checkRd: (-1) Oudon.Rd:28: Lost braces in \itemize; meant \describe ? checkRd: (-1) Oudon.Rd:29: Lost braces in \itemize; meant \describe ? Flavors: r-devel-linux-x86_64-debian-clang, r-devel-linux-x86_64-debian-gcc, r-devel-linux-x86_64-fedora-clang, r-devel-linux-x86_64-fedora-gcc, r-devel-windows-x86_64, r-patched-linux-x86_64, r-release-linux-x86_64, r-release-macos-arm64, r-release-macos-x86_64, r-release-windows-x86_64