Last updated on 2023-09-26 13:08:45 CEST.
Flavor | Version | Tinstall | Tcheck | Ttotal | Status | Flags |
---|---|---|---|---|---|---|
r-devel-linux-x86_64-debian-clang | 0.1.0 | 56.60 | 39.64 | 96.24 | OK | |
r-devel-linux-x86_64-debian-gcc | 0.1.0 | 36.55 | 30.71 | 67.26 | OK | |
r-devel-linux-x86_64-fedora-clang | 0.1.0 | 131.46 | OK | |||
r-devel-linux-x86_64-fedora-gcc | 0.1.0 | 132.64 | OK | |||
r-devel-windows-x86_64 | 0.1.0 | 46.00 | 74.00 | 120.00 | OK | |
r-patched-linux-x86_64 | 0.1.0 | 47.50 | 38.97 | 86.47 | OK | |
r-release-linux-x86_64 | 0.1.0 | 53.05 | 39.29 | 92.34 | OK | |
r-release-macos-arm64 | 0.1.0 | 39.00 | NOTE | |||
r-release-macos-x86_64 | 0.1.0 | 57.00 | NOTE | |||
r-release-windows-x86_64 | 0.1.0 | 58.00 | 80.00 | 138.00 | OK | |
r-oldrel-macos-arm64 | 0.1.0 | 36.00 | NOTE | |||
r-oldrel-macos-x86_64 | 0.1.0 | 46.00 | NOTE | |||
r-oldrel-windows-x86_64 | 0.1.0 | 51.00 | 77.00 | 128.00 | OK |
Version: 0.1.0
Check: installed package size
Result: NOTE
installed size is 8.4Mb
sub-directories of 1Mb or more:
libs 8.2Mb
Flavors: r-release-macos-arm64, r-release-macos-x86_64, r-oldrel-macos-arm64, r-oldrel-macos-x86_64