CRAN Package Check Results for Package transx

Last updated on 2023-11-29 15:50:34 CET.

Flavor Version Tinstall Tcheck Ttotal Status Flags
r-devel-linux-x86_64-debian-clang 0.0.1 3.77 60.13 63.90 NOTE
r-devel-linux-x86_64-debian-gcc 0.0.1 2.94 46.96 49.90 NOTE
r-devel-linux-x86_64-fedora-clang 0.0.1 80.15 NOTE
r-devel-linux-x86_64-fedora-gcc 0.0.1 89.31 NOTE
r-devel-windows-x86_64 0.0.1 4.00 84.00 88.00 NOTE
r-patched-linux-x86_64 0.0.1 3.77 60.59 64.36 NOTE
r-release-linux-x86_64 0.0.1 3.81 61.12 64.93 NOTE
r-release-macos-arm64 0.0.1 35.00 NOTE
r-release-macos-x86_64 0.0.1 54.00 NOTE
r-release-windows-x86_64 0.0.1 6.00 90.00 96.00 NOTE
r-oldrel-macos-arm64 0.0.1 31.00 NOTE
r-oldrel-macos-x86_64 0.0.1 38.00 NOTE
r-oldrel-windows-x86_64 0.0.1 6.00 80.00 86.00 NOTE

Check Details

Version: 0.0.1
Check: LazyData
Result: NOTE 'LazyData' is specified without a 'data' directory Flavors: r-devel-linux-x86_64-debian-clang, r-devel-linux-x86_64-debian-gcc, r-devel-linux-x86_64-fedora-clang, r-devel-linux-x86_64-fedora-gcc, r-devel-windows-x86_64, r-patched-linux-x86_64, r-release-linux-x86_64, r-release-macos-arm64, r-release-macos-x86_64, r-release-windows-x86_64, r-oldrel-macos-arm64, r-oldrel-macos-x86_64, r-oldrel-windows-x86_64