CRAN Package Check Results for Package treeClust

Last updated on 2021-09-21 04:55:42 CEST.

Flavor Version Tinstall Tcheck Ttotal Status Flags
r-devel-linux-x86_64-debian-clang 1.1-7 2.68 26.26 28.94 OK
r-devel-linux-x86_64-debian-gcc 1.1-7 1.88 19.79 21.67 OK
r-devel-linux-x86_64-fedora-clang 1.1-7 43.28 OK
r-devel-linux-x86_64-fedora-gcc 1.1-7 32.99 OK
r-devel-windows-x86_64 1.1-7 4.00 34.00 38.00 OK
r-devel-windows-x86_64-gcc10-UCRT 1.1-7 ERROR
r-patched-linux-x86_64 1.1-7 2.87 24.62 27.49 OK
r-patched-solaris-x86 1.1-7 49.10 OK
r-release-linux-x86_64 1.1-7 2.48 24.70 27.18 OK
r-release-macos-arm64 1.1-7 OK
r-release-macos-x86_64 1.1-7 OK
r-release-windows-ix86+x86_64 1.1-7 6.00 32.00 38.00 OK
r-oldrel-macos-x86_64 1.1-7 OK
r-oldrel-windows-ix86+x86_64 1.1-7 6.00 31.00 37.00 OK

Check Details

Version: 1.1-7
Check: whether package can be installed
Result: WARN
    Found the following significant warnings:
     WARNING: installation-time patches will not be applied, could not get the patches index
Flavor: r-devel-windows-x86_64-gcc10-UCRT

Version: 1.1-7
Check: PDF version of manual
Result: WARN
    LaTeX errors when creating PDF version.
    This typically indicates Rd problems.
Flavor: r-devel-windows-x86_64-gcc10-UCRT

Version: 1.1-7
Check: PDF version of manual without hyperrefs or index
Result: ERROR
    Re-running with no redirection of stdout/stderr.
Flavor: r-devel-windows-x86_64-gcc10-UCRT