Last updated on 2023-03-25 23:51:58 CET.
Flavor | Version | Tinstall | Tcheck | Ttotal | Status | Flags |
---|---|---|---|---|---|---|
r-devel-linux-x86_64-debian-clang | 2.0.6.0 | 127.58 | 187.09 | 314.67 | NOTE | |
r-devel-linux-x86_64-debian-gcc | 2.0.6.0 | 101.94 | 135.59 | 237.53 | NOTE | |
r-devel-linux-x86_64-fedora-clang | 2.0.6.0 | 348.75 | NOTE | |||
r-devel-linux-x86_64-fedora-gcc | 2.0.6.0 | 400.22 | NOTE | |||
r-patched-linux-x86_64 | 2.0.6.0 | 109.91 | 172.11 | 282.02 | OK | |
r-release-linux-x86_64 | 2.0.6.0 | 105.44 | 173.38 | 278.82 | OK | |
r-release-macos-arm64 | 2.0.6.0 | 96.00 | OK | |||
r-release-macos-x86_64 | 2.0.6.0 | 171.00 | OK | |||
r-release-windows-x86_64 | 2.0.6.0 | 125.00 | 217.00 | 342.00 | OK | |
r-oldrel-macos-arm64 | 2.0.6.0 | 82.00 | OK | |||
r-oldrel-macos-x86_64 | 2.0.6.0 | 114.00 | OK | |||
r-oldrel-windows-ix86+x86_64 | 2.0.6.0 | 305.00 | 325.00 | 630.00 | OK |
Version: 2.0.6.0
Check: Rd files
Result: NOTE
checkRd: (-1) dcc.Rd:227: Escaped LaTeX specials: \&
checkRd: (-1) seascorr.Rd:128: Escaped LaTeX specials: \&
Flavors: r-devel-linux-x86_64-debian-clang, r-devel-linux-x86_64-debian-gcc, r-devel-linux-x86_64-fedora-clang, r-devel-linux-x86_64-fedora-gcc
Version: 2.0.6.0
Check: Rd cross-references
Result: NOTE
Undeclared package ‘dplR’ in Rd xrefs
Flavor: r-devel-linux-x86_64-fedora-clang