Last updated on 2023-03-31 16:54:04 CEST.
Flavor | Version | Tinstall | Tcheck | Ttotal | Status | Flags |
---|---|---|---|---|---|---|
r-devel-linux-x86_64-debian-clang | 1.1.4 | 97.36 | 43.77 | 141.13 | NOTE | |
r-devel-linux-x86_64-debian-gcc | 1.1.4 | 80.41 | 35.01 | 115.42 | NOTE | |
r-devel-linux-x86_64-fedora-clang | 1.1.4 | 232.02 | NOTE | |||
r-devel-linux-x86_64-fedora-gcc | 1.1.4 | 202.42 | NOTE | |||
r-patched-linux-x86_64 | 1.1.4 | 86.77 | 42.76 | 129.53 | NOTE | |
r-release-linux-x86_64 | 1.1.4 | 87.79 | 43.48 | 131.27 | OK | |
r-release-macos-arm64 | 1.1.4 | 54.00 | NOTE | |||
r-release-macos-x86_64 | 1.1.4 | 72.00 | NOTE | |||
r-release-windows-x86_64 | 1.1.4 | 100.00 | 116.00 | 216.00 | OK | |
r-oldrel-macos-arm64 | 1.1.4 | 61.00 | NOTE | |||
r-oldrel-macos-x86_64 | 1.1.4 | 81.00 | NOTE | |||
r-oldrel-windows-ix86+x86_64 | 1.1.4 | 235.00 | 115.00 | 350.00 | OK |
Version: 1.1.4
Check: C++ specification
Result: NOTE
Specified C++11: please drop specification unless essential
Flavors: r-devel-linux-x86_64-debian-clang, r-devel-linux-x86_64-debian-gcc, r-devel-linux-x86_64-fedora-clang, r-devel-linux-x86_64-fedora-gcc, r-patched-linux-x86_64
Version: 1.1.4
Check: installed package size
Result: NOTE
installed size is 11.2Mb
sub-directories of 1Mb or more:
libs 11.0Mb
Flavors: r-release-macos-arm64, r-release-macos-x86_64, r-oldrel-macos-arm64, r-oldrel-macos-x86_64