CRAN Package Check Results for Package tremendousr

Last updated on 2024-07-25 13:46:37 CEST.

Flavor Version Tinstall Tcheck Ttotal Status Flags
r-devel-linux-x86_64-debian-clang 1.0.0 2.31 31.87 34.18 OK
r-devel-linux-x86_64-debian-gcc 1.0.0 1.74 24.03 25.77 OK
r-devel-linux-x86_64-fedora-clang 1.0.0 46.53 NOTE
r-devel-linux-x86_64-fedora-gcc 1.0.0 56.98 NOTE
r-devel-windows-x86_64 1.0.0 4.00 47.00 51.00 OK
r-patched-linux-x86_64 1.0.0 OK
r-release-linux-x86_64 1.0.0 2.55 29.87 32.42 OK
r-release-macos-arm64 1.0.0 22.00 OK
r-release-macos-x86_64 1.0.0 39.00 OK
r-release-windows-x86_64 1.0.0 4.00 47.00 51.00 OK
r-oldrel-macos-arm64 1.0.0 25.00 OK
r-oldrel-macos-x86_64 1.0.0 36.00 OK
r-oldrel-windows-x86_64 1.0.0 5.00 48.00 53.00 OK

Check Details

Version: 1.0.0
Check: dependencies in R code
Result: NOTE Namespace in Imports field not imported from: ‘crul’ All declared Imports should be used. Flavors: r-devel-linux-x86_64-fedora-clang, r-devel-linux-x86_64-fedora-gcc