Last updated on 2023-10-02 05:06:53 CEST.
Flavor | Version | Tinstall | Tcheck | Ttotal | Status | Flags |
---|---|---|---|---|---|---|
r-devel-linux-x86_64-debian-clang | 1.1.5 | 6.24 | 58.72 | 64.96 | WARN | |
r-devel-linux-x86_64-debian-gcc | 1.1.5 | 4.52 | 44.75 | 49.27 | WARN | |
r-devel-linux-x86_64-fedora-clang | 1.1.5 | 83.72 | WARN | |||
r-devel-linux-x86_64-fedora-gcc | 1.1.5 | 97.38 | WARN | |||
r-devel-windows-x86_64 | 1.1.5 | 9.00 | 89.00 | 98.00 | WARN | |
r-patched-linux-x86_64 | 1.1.5 | 5.82 | 59.34 | 65.16 | OK | |
r-release-linux-x86_64 | 1.1.5 | 4.87 | 57.79 | 62.66 | OK | |
r-release-macos-arm64 | 1.1.5 | 34.00 | OK | |||
r-release-macos-x86_64 | 1.1.5 | 57.00 | NOTE | |||
r-release-windows-x86_64 | 1.1.5 | 10.00 | 90.00 | 100.00 | OK | |
r-oldrel-macos-arm64 | 1.1.5 | 30.00 | OK | |||
r-oldrel-macos-x86_64 | 1.1.5 | 45.00 | OK | |||
r-oldrel-windows-x86_64 | 1.1.5 | 10.00 | 85.00 | 95.00 | OK |
Version: 1.1.5
Check: usage of KIND in Fortran files
Result: WARN
Found the following files with non-portable usage of KIND:
getpval.f
mcbr.f
mcbu.f
mcsnht.f
For details set environment variable _R_CHECK_FORTRAN_KIND_DETAILS_ to
a true value.
Flavors: r-devel-linux-x86_64-debian-clang, r-devel-linux-x86_64-debian-gcc, r-devel-linux-x86_64-fedora-clang, r-devel-linux-x86_64-fedora-gcc, r-devel-windows-x86_64
Version: 1.1.5
Check: package dependencies
Result: NOTE
Package suggested but not available for checking: ‘psych’
Flavor: r-release-macos-x86_64
Version: 1.1.5
Check: Rd cross-references
Result: NOTE
Package unavailable to check Rd xrefs: ‘psych’
Flavor: r-release-macos-x86_64