CRAN Package Check Results for Package trendeval

Last updated on 2022-01-26 08:51:34 CET.

Flavor Version Tinstall Tcheck Ttotal Status Flags
r-devel-linux-x86_64-debian-clang 0.0.1 1.88 85.03 86.91 NOTE
r-devel-linux-x86_64-debian-gcc 0.0.1 1.75 60.03 61.78 NOTE
r-devel-linux-x86_64-fedora-clang 0.0.1 98.91 NOTE
r-devel-linux-x86_64-fedora-gcc 0.0.1 90.64 NOTE
r-devel-windows-x86_64-new-UL 0.0.1 28.00 97.00 125.00 NOTE
r-devel-windows-x86_64-new-TK 0.0.1 ERROR
r-patched-linux-x86_64 0.0.1 2.09 81.37 83.46 NOTE
r-release-linux-x86_64 0.0.1 1.96 80.39 82.35 NOTE
r-release-macos-arm64 0.0.1 NOTE
r-release-macos-x86_64 0.0.1 NOTE
r-release-windows-ix86+x86_64 0.0.1 5.00 97.00 102.00 NOTE
r-oldrel-macos-x86_64 0.0.1 OK
r-oldrel-windows-ix86+x86_64 0.0.1 6.00 97.00 103.00 OK

Check Details

Version: 0.0.1
Check: LazyData
Result: NOTE
     'LazyData' is specified without a 'data' directory
Flavors: r-devel-linux-x86_64-debian-clang, r-devel-linux-x86_64-debian-gcc, r-devel-linux-x86_64-fedora-clang, r-devel-linux-x86_64-fedora-gcc, r-devel-windows-x86_64-new-UL, r-patched-linux-x86_64, r-release-linux-x86_64, r-release-macos-arm64, r-release-macos-x86_64, r-release-windows-ix86+x86_64

Version: 0.0.1
Check: package dependencies
Result: ERROR
    Package required but not available: 'trending'
    
    See section 'The DESCRIPTION file' in the 'Writing R Extensions'
    manual.
Flavor: r-devel-windows-x86_64-new-TK