CRAN Package Check Results for Package triangle

Last updated on 2021-12-04 16:50:35 CET.

Flavor Version Tinstall Tcheck Ttotal Status Flags
r-devel-linux-x86_64-debian-clang 0.12 2.78 35.35 38.13 NOTE
r-devel-linux-x86_64-debian-gcc 0.12 2.16 27.74 29.90 NOTE
r-devel-linux-x86_64-fedora-clang 0.12 49.26 NOTE
r-devel-linux-x86_64-fedora-gcc 0.12 37.35 NOTE
r-devel-windows-x86_64-new-UL 0.12 7.00 65.00 72.00 NOTE
r-devel-windows-x86_64-new-TK 0.12 NOTE
r-devel-windows-x86_64-old 0.12 5.00 39.00 44.00 NOTE
r-patched-linux-x86_64 0.12 2.67 26.03 28.70 NOTE
r-release-linux-x86_64 0.12 2.49 25.89 28.38 NOTE
r-release-macos-arm64 0.12 NOTE
r-release-macos-x86_64 0.12 NOTE
r-release-windows-ix86+x86_64 0.12 6.00 46.00 52.00 NOTE
r-oldrel-macos-x86_64 0.12 OK
r-oldrel-windows-ix86+x86_64 0.12 6.00 52.00 58.00 OK

Check Details

Version: 0.12
Check: LazyData
Result: NOTE
     'LazyData' is specified without a 'data' directory
Flavors: r-devel-linux-x86_64-debian-clang, r-devel-linux-x86_64-debian-gcc, r-devel-linux-x86_64-fedora-clang, r-devel-linux-x86_64-fedora-gcc, r-devel-windows-x86_64-new-UL, r-devel-windows-x86_64-new-TK, r-devel-windows-x86_64-old, r-patched-linux-x86_64, r-release-linux-x86_64, r-release-macos-arm64, r-release-macos-x86_64, r-release-windows-ix86+x86_64