CRAN Package Check Results for Package tribe

Last updated on 2022-01-18 03:52:30 CET.

Flavor Version Tinstall Tcheck Ttotal Status Flags
r-devel-linux-x86_64-debian-clang 0.1.8 4.42 55.81 60.23 NOTE
r-devel-linux-x86_64-debian-gcc 0.1.8 3.32 42.86 46.18 NOTE
r-devel-linux-x86_64-fedora-clang 0.1.8 74.99 NOTE
r-devel-linux-x86_64-fedora-gcc 0.1.8 61.51 NOTE
r-devel-windows-x86_64-new-UL 0.1.8 32.00 78.00 110.00 NOTE
r-devel-windows-x86_64-new-TK 0.1.8 NOTE
r-patched-linux-x86_64 0.1.8 3.36 49.98 53.34 NOTE
r-release-linux-x86_64 0.1.8 NOTE
r-release-macos-arm64 0.1.8 NOTE
r-release-macos-x86_64 0.1.8 NOTE
r-release-windows-ix86+x86_64 0.1.8 12.00 64.00 76.00 NOTE
r-oldrel-macos-x86_64 0.1.8 OK
r-oldrel-windows-ix86+x86_64 0.1.8 11.00 64.00 75.00 OK

Check Details

Version: 0.1.8
Check: LazyData
Result: NOTE
     'LazyData' is specified without a 'data' directory
Flavors: r-devel-linux-x86_64-debian-clang, r-devel-linux-x86_64-debian-gcc, r-devel-linux-x86_64-fedora-clang, r-devel-linux-x86_64-fedora-gcc, r-devel-windows-x86_64-new-UL, r-devel-windows-x86_64-new-TK, r-patched-linux-x86_64, r-release-linux-x86_64, r-release-macos-arm64, r-release-macos-x86_64, r-release-windows-ix86+x86_64