Last updated on 2025-01-24 12:48:59 CET.
Flavor | Version | Tinstall | Tcheck | Ttotal | Status | Flags |
---|---|---|---|---|---|---|
r-devel-linux-x86_64-debian-clang | 0.8.1 | 3.76 | 38.09 | 41.85 | OK | |
r-devel-linux-x86_64-debian-gcc | 0.8.1 | 2.59 | 28.43 | 31.02 | OK | |
r-devel-linux-x86_64-fedora-clang | 0.8.1 | 69.12 | OK | |||
r-devel-linux-x86_64-fedora-gcc | 0.8.1 | 74.90 | OK | |||
r-devel-windows-x86_64 | 0.8.1 | 6.00 | 57.00 | 63.00 | OK | |
r-patched-linux-x86_64 | 0.8.1 | 3.76 | 35.08 | 38.84 | NOTE | |
r-release-linux-x86_64 | 0.8.1 | 2.94 | 35.05 | 37.99 | NOTE | |
r-release-macos-arm64 | 0.8.1 | 28.00 | NOTE | |||
r-release-macos-x86_64 | 0.8.1 | 50.00 | NOTE | |||
r-release-windows-x86_64 | 0.8.1 | 5.00 | 58.00 | 63.00 | NOTE | |
r-oldrel-macos-arm64 | 0.8.1 | 30.00 | NOTE | |||
r-oldrel-macos-x86_64 | 0.8.1 | 39.00 | NOTE | |||
r-oldrel-windows-x86_64 | 0.8.1 | 6.00 | 59.00 | 65.00 | NOTE |
Version: 0.8.1
Check: LazyData
Result: NOTE
'LazyData' is specified without a 'data' directory
Flavors: r-patched-linux-x86_64, r-release-linux-x86_64, r-release-macos-arm64, r-release-macos-x86_64, r-release-windows-x86_64, r-oldrel-macos-arm64, r-oldrel-macos-x86_64, r-oldrel-windows-x86_64