Last updated on 2023-03-25 19:54:19 CET.
Flavor | Version | Tinstall | Tcheck | Ttotal | Status | Flags |
---|---|---|---|---|---|---|
r-devel-linux-x86_64-debian-clang | 0.0.2 | 122.04 | 238.12 | 360.16 | NOTE | |
r-devel-linux-x86_64-debian-gcc | 0.0.2 | 116.41 | 193.07 | 309.48 | NOTE | |
r-devel-linux-x86_64-fedora-clang | 0.0.2 | 482.55 | NOTE | |||
r-devel-linux-x86_64-fedora-gcc | 0.0.2 | 546.32 | NOTE | |||
r-patched-linux-x86_64 | 0.0.2 | 114.35 | 267.46 | 381.81 | NOTE | |
r-release-linux-x86_64 | 0.0.2 | 97.42 | 261.63 | 359.05 | NOTE | |
r-release-macos-arm64 | 0.0.2 | 140.00 | NOTE | |||
r-release-macos-x86_64 | 0.0.2 | 172.00 | NOTE | |||
r-release-windows-x86_64 | 0.0.2 | 115.00 | 414.00 | 529.00 | NOTE | |
r-oldrel-macos-arm64 | 0.0.2 | 132.00 | NOTE | |||
r-oldrel-macos-x86_64 | 0.0.2 | 173.00 | NOTE | |||
r-oldrel-windows-ix86+x86_64 | 0.0.2 | 296.00 | 851.00 | 1147.00 | NOTE |
Version: 0.0.2
Check: for GNU extensions in Makefiles
Result: NOTE
GNU make is a SystemRequirements.
Flavors: r-devel-linux-x86_64-debian-clang, r-devel-linux-x86_64-debian-gcc, r-devel-linux-x86_64-fedora-clang, r-devel-linux-x86_64-fedora-gcc, r-patched-linux-x86_64, r-release-linux-x86_64, r-release-macos-arm64, r-release-macos-x86_64, r-release-windows-x86_64, r-oldrel-macos-arm64, r-oldrel-macos-x86_64, r-oldrel-windows-ix86+x86_64
Version: 0.0.2
Check: dependencies in R code
Result: NOTE
Namespaces in Imports field not imported from:
‘RcppParallel’ ‘rstantools’
All declared Imports should be used.
Flavors: r-devel-linux-x86_64-fedora-clang, r-devel-linux-x86_64-fedora-gcc, r-release-macos-arm64, r-release-macos-x86_64, r-oldrel-macos-arm64, r-oldrel-macos-x86_64
Version: 0.0.2
Check: installed package size
Result: NOTE
installed size is 33.7Mb
sub-directories of 1Mb or more:
libs 33.5Mb
Flavors: r-release-macos-arm64, r-release-macos-x86_64, r-oldrel-macos-arm64, r-oldrel-macos-x86_64