CRAN Package Check Results for Package tsbox

Last updated on 2024-03-02 12:48:33 CET.

Flavor Version Tinstall Tcheck Ttotal Status Flags
r-devel-linux-x86_64-debian-clang 0.4.1 6.93 146.28 153.21 NOTE
r-devel-linux-x86_64-debian-gcc 0.4.1 5.78 145.79 151.57 OK
r-devel-linux-x86_64-fedora-clang 0.4.1 248.77 OK
r-devel-linux-x86_64-fedora-gcc 0.4.1 200.25 OK
r-devel-windows-x86_64 0.4.1 7.00 109.00 116.00 OK
r-patched-linux-x86_64 0.4.1 7.98 175.25 183.23 OK
r-release-linux-x86_64 0.4.1 6.34 171.55 177.89 OK
r-release-macos-arm64 0.4.1 52.00 OK
r-release-macos-x86_64 0.4.1 158.00 OK
r-release-windows-x86_64 0.4.1 9.00 130.00 139.00 OK
r-oldrel-macos-arm64 0.4.1 46.00 OK
r-oldrel-windows-x86_64 0.4.1 9.00 125.00 134.00 OK

Check Details

Version: 0.4.1
Check: dependencies in R code
Result: NOTE Fortran STOP IEEE arithmetic exceptions signaled: INEXACT Flavor: r-devel-linux-x86_64-debian-clang