Last updated on 2023-09-25 05:01:40 CEST.
Flavor | Version | Tinstall | Tcheck | Ttotal | Status | Flags |
---|---|---|---|---|---|---|
r-devel-linux-x86_64-debian-clang | 0.1-13.1 | 5.27 | 29.38 | 34.65 | OK | |
r-devel-linux-x86_64-debian-gcc | 0.1-13.1 | 4.01 | 22.78 | 26.79 | OK | |
r-devel-linux-x86_64-fedora-clang | 0.1-13.1 | 42.89 | NOTE | |||
r-devel-linux-x86_64-fedora-gcc | 0.1-13.1 | 41.57 | NOTE | |||
r-devel-windows-x86_64 | 0.1-13.1 | 9.00 | 51.00 | 60.00 | OK | |
r-patched-linux-x86_64 | 0.1-13.1 | 5.00 | 28.55 | 33.55 | OK | |
r-release-linux-x86_64 | 0.1-13.1 | 4.12 | 29.26 | 33.38 | OK | |
r-release-macos-arm64 | 0.1-13.1 | 30.00 | OK | |||
r-release-macos-x86_64 | 0.1-13.1 | 27.00 | OK | |||
r-release-windows-x86_64 | 0.1-13.1 | 9.00 | 50.00 | 59.00 | OK | |
r-oldrel-macos-arm64 | 0.1-13.1 | 19.00 | OK | |||
r-oldrel-macos-x86_64 | 0.1-13.1 | 24.00 | OK | |||
r-oldrel-windows-x86_64 | 0.1-13.1 | 10.00 | 56.00 | 66.00 | OK |
Version: 0.1-13.1
Check: compiled code
Result: NOTE
File ‘tseriesChaos/libs/tseriesChaos.so’:
Found no calls to: ‘R_registerRoutines’, ‘R_useDynamicSymbols’
It is good practice to register native routines and to disable symbol
search.
See ‘Writing portable packages’ in the ‘Writing R Extensions’ manual.
Flavors: r-devel-linux-x86_64-fedora-clang, r-devel-linux-x86_64-fedora-gcc