CRAN Package Check Results for Package tsibbletalk

Last updated on 2023-06-03 17:50:40 CEST.

Flavor Version Tinstall Tcheck Ttotal Status Flags
r-devel-linux-x86_64-debian-clang 0.1.0 12.73 82.39 95.12 OK
r-devel-linux-x86_64-debian-gcc 0.1.0 10.45 61.08 71.53 OK
r-devel-linux-x86_64-fedora-clang 0.1.0 123.01 NOTE
r-devel-linux-x86_64-fedora-gcc 0.1.0 111.23 NOTE
r-devel-windows-x86_64 0.1.0 12.00 79.00 91.00 OK
r-patched-linux-x86_64 0.1.0 OK
r-release-linux-x86_64 0.1.0 7.73 77.00 84.73 OK
r-release-macos-arm64 0.1.0 38.00 OK
r-release-macos-x86_64 0.1.0 58.00 OK
r-release-windows-x86_64 0.1.0 15.00 90.00 105.00 OK
r-oldrel-macos-arm64 0.1.0 35.00 NOTE
r-oldrel-macos-x86_64 0.1.0 59.00 NOTE
r-oldrel-windows-x86_64 0.1.0 15.00 93.00 108.00 OK

Check Details

Version: 0.1.0
Check: dependencies in R code
Result: NOTE
    Namespaces in Imports field not imported from:
     ‘R6’ ‘crosstalk’
     All declared Imports should be used.
Flavors: r-devel-linux-x86_64-fedora-clang, r-devel-linux-x86_64-fedora-gcc, r-oldrel-macos-arm64, r-oldrel-macos-x86_64