Last updated on 2023-12-07 15:48:36 CET.
Flavor | Version | Tinstall | Tcheck | Ttotal | Status | Flags |
---|---|---|---|---|---|---|
r-devel-linux-x86_64-debian-clang | 0.6-8 | 9.88 | 92.47 | 102.35 | NOTE | |
r-devel-linux-x86_64-debian-gcc | 0.6-8 | 7.51 | 69.55 | 77.06 | NOTE | |
r-devel-linux-x86_64-fedora-clang | 0.6-8 | 127.31 | NOTE | |||
r-devel-linux-x86_64-fedora-gcc | 0.6-8 | 132.72 | NOTE | |||
r-devel-windows-x86_64 | 0.6-8 | 9.00 | 100.00 | 109.00 | NOTE | |
r-patched-linux-x86_64 | 0.6-8 | 8.55 | 89.26 | 97.81 | OK | |
r-release-linux-x86_64 | 0.6-8 | 6.13 | 88.91 | 95.04 | OK | |
r-release-macos-arm64 | 0.6-8 | 49.00 | OK | |||
r-release-macos-x86_64 | 0.6-8 | 73.00 | OK | |||
r-release-windows-x86_64 | 0.6-8 | 11.00 | 113.00 | 124.00 | OK | |
r-oldrel-macos-arm64 | 0.6-8 | 38.00 | OK | |||
r-oldrel-macos-x86_64 | 0.6-8 | 75.00 | OK | |||
r-oldrel-windows-x86_64 | 0.6-8 | 13.00 | 109.00 | 122.00 | OK |
Version: 0.6-8
Check: Rd metadata
Result: NOTE
Invalid package aliases in Rd file 'tsoutliers-package.Rd':
‘tsouliers-package’
Flavors: r-devel-linux-x86_64-debian-clang, r-devel-linux-x86_64-debian-gcc, r-devel-linux-x86_64-fedora-clang, r-devel-linux-x86_64-fedora-gcc, r-devel-windows-x86_64
Version: 0.6-8
Check: Rd cross-references
Result: NOTE
Undeclared package ‘tseries’ in Rd xrefs
Flavor: r-devel-linux-x86_64-fedora-clang