CRAN Package Check Results for Package tspredit

Last updated on 2024-02-24 08:49:53 CET.

Flavor Version Tinstall Tcheck Ttotal Status Flags
r-devel-linux-x86_64-debian-clang 1.0.747 24.65 207.04 231.69 OK
r-devel-linux-x86_64-debian-gcc 1.0.747 19.54 153.57 173.11 OK
r-devel-linux-x86_64-fedora-clang 1.0.747 277.07 OK
r-devel-linux-x86_64-fedora-gcc 1.0.747 281.72 OK
r-devel-windows-x86_64 1.0.747 23.00 166.00 189.00 OK
r-patched-linux-x86_64 1.0.747 24.50 203.48 227.98 OK
r-release-linux-x86_64 1.0.747 21.45 201.11 222.56 OK
r-release-macos-arm64 1.0.747 86.00 OK
r-release-macos-x86_64 1.0.747 162.00 OK
r-release-windows-x86_64 1.0.747 28.00 210.00 238.00 OK
r-oldrel-macos-arm64 1.0.747 98.00 WARN
r-oldrel-windows-x86_64 1.0.747 30.00 200.00 230.00 WARN

Check Details

Version: 1.0.747
Check: S3 generic/method consistency
Result: WARN Warning: declared S3 method 'transform.bal_oversampling' not found Warning: declared S3 method 'transform.bal_subsampling' not found Warning: declared S3 method 'transform.cla_fs' not found Warning: declared S3 method 'transform.ts_aug_awareness' not found Warning: declared S3 method 'transform.ts_aug_awaresmooth' not found Warning: declared S3 method 'transform.ts_aug_flip' not found Warning: declared S3 method 'transform.ts_aug_jitter' not found Warning: declared S3 method 'transform.ts_aug_none' not found Warning: declared S3 method 'transform.ts_aug_shrink' not found Warning: declared S3 method 'transform.ts_aug_stretch' not found Warning: declared S3 method 'transform.ts_aug_wormhole' not found Warning: declared S3 method 'transform.ts_fil_ema' not found Warning: declared S3 method 'transform.ts_fil_hp' not found Warning: declared S3 method 'transform.ts_fil_kalman' not found Warning: declared S3 method 'transform.ts_fil_lowess' not found Warning: declared S3 method 'transform.ts_fil_ma' not found Warning: declared S3 method 'transform.ts_fil_none' not found Warning: declared S3 method 'transform.ts_fil_qes' not found Warning: declared S3 method 'transform.ts_fil_recursive' not found Warning: declared S3 method 'transform.ts_fil_seas_adj' not found Warning: declared S3 method 'transform.ts_fil_ses' not found Warning: declared S3 method 'transform.ts_fil_smooth' not found Warning: declared S3 method 'transform.ts_fil_spline' not found Warning: declared S3 method 'transform.ts_fil_winsor' not found Warning: declared S3 method 'transform.ts_norm_none' not found See section ‘Generic functions and methods’ in the ‘Writing R Extensions’ manual. Flavors: r-oldrel-macos-arm64, r-oldrel-windows-x86_64