CRAN Package Check Results for Package tukeyGH

Last updated on 2021-11-30 23:51:55 CET.

Flavor Version Tinstall Tcheck Ttotal Status Flags
r-devel-linux-x86_64-debian-clang 1.0.0 3.22 55.35 58.57 OK
r-devel-linux-x86_64-debian-gcc 1.0.0 2.31 42.25 44.56 OK
r-devel-linux-x86_64-fedora-clang 1.0.0 85.34 NOTE
r-devel-linux-x86_64-fedora-gcc 1.0.0 71.62 NOTE
r-devel-windows-x86_64-new-UL 1.0.0 9.00 91.00 100.00 OK
r-devel-windows-x86_64-new-TK 1.0.0 NOTE
r-devel-windows-x86_64-old 1.0.0 6.00 133.00 139.00 OK
r-patched-linux-x86_64 1.0.0 3.49 54.47 57.96 OK
r-patched-solaris-x86 1.0.0 91.50 NOTE
r-release-linux-x86_64 1.0.0 3.00 53.81 56.81 OK
r-release-macos-arm64 1.0.0 NOTE
r-release-macos-x86_64 1.0.0 NOTE
r-release-windows-ix86+x86_64 1.0.0 7.00 56.00 63.00 OK
r-oldrel-macos-x86_64 1.0.0 NOTE
r-oldrel-windows-ix86+x86_64 1.0.0 5.00 77.00 82.00 OK

Check Details

Version: 1.0.0
Check: dependencies in R code
Result: NOTE
    Namespace in Imports field not imported from: ‘Rdpack’
     All declared Imports should be used.
Flavors: r-devel-linux-x86_64-fedora-clang, r-devel-linux-x86_64-fedora-gcc, r-devel-windows-x86_64-new-TK, r-patched-solaris-x86, r-release-macos-arm64, r-release-macos-x86_64, r-oldrel-macos-x86_64