Last updated on 2023-03-28 09:54:02 CEST.
Flavor | Version | Tinstall | Tcheck | Ttotal | Status | Flags |
---|---|---|---|---|---|---|
r-devel-linux-x86_64-debian-clang | 0.3.2 | 62.34 | 91.16 | 153.50 | NOTE | |
r-devel-linux-x86_64-debian-gcc | 0.3.2 | 49.48 | 70.42 | 119.90 | NOTE | |
r-devel-linux-x86_64-fedora-clang | 0.3.2 | 216.85 | NOTE | |||
r-devel-linux-x86_64-fedora-gcc | 0.3.2 | 205.57 | NOTE | |||
r-patched-linux-x86_64 | 0.3.2 | 54.49 | 87.02 | 141.51 | NOTE | |
r-release-linux-x86_64 | 0.3.2 | 54.35 | 84.35 | 138.70 | OK | |
r-release-macos-arm64 | 0.3.2 | 59.00 | OK | |||
r-release-macos-x86_64 | 0.3.2 | 70.00 | OK | |||
r-release-windows-x86_64 | 0.3.2 | 64.00 | 151.00 | 215.00 | OK | |
r-oldrel-macos-arm64 | 0.3.2 | 61.00 | OK | |||
r-oldrel-macos-x86_64 | 0.3.2 | 72.00 | OK | |||
r-oldrel-windows-ix86+x86_64 | 0.3.2 | 161.00 | 160.00 | 321.00 | OK |
Version: 0.3.2
Check: C++ specification
Result: NOTE
Specified C++11: please drop specification unless essential
Flavors: r-devel-linux-x86_64-debian-clang, r-devel-linux-x86_64-debian-gcc, r-devel-linux-x86_64-fedora-clang, r-devel-linux-x86_64-fedora-gcc, r-patched-linux-x86_64