CRAN Package Check Results for Package tvmediation

Last updated on 2024-06-12 20:59:19 CEST.

Flavor Version Tinstall Tcheck Ttotal Status Flags
r-devel-linux-x86_64-debian-clang 1.1.0 8.66 70.13 78.79 NOTE
r-devel-linux-x86_64-debian-gcc 1.1.0 0.45 1.72 2.17 ERROR
r-devel-linux-x86_64-fedora-clang 1.1.0 101.27 NOTE
r-devel-linux-x86_64-fedora-gcc 1.1.0 107.84 NOTE
r-devel-windows-x86_64 1.1.0 8.00 73.00 81.00 NOTE
r-patched-linux-x86_64 1.1.0 7.92 66.82 74.74 NOTE
r-release-linux-x86_64 1.1.0 8.51 65.75 74.26 NOTE
r-release-macos-arm64 1.1.0 37.00 NOTE
r-release-macos-x86_64 1.1.0 62.00 NOTE
r-release-windows-x86_64 1.1.0 9.00 78.00 87.00 NOTE
r-oldrel-macos-arm64 1.1.0 39.00 OK
r-oldrel-macos-x86_64 1.1.0 57.00 OK
r-oldrel-windows-x86_64 1.1.0 10.00 81.00 91.00 OK

Check Details

Version: 1.1.0
Check: Rd files
Result: NOTE checkRd: (-1) estBootCIs.Rd:27: Lost braces 27 | {boot.se}{bootstrapped standard error for the estimated mediation effect} | ^ checkRd: (-1) estBootCIs.Rd:29: Lost braces; missing escapes or markup? 29 | {CI.upper}{percentile bootstrapped CI upper limit for the estimated mediation effect} | ^ checkRd: (-1) estBootCIs.Rd:29: Lost braces 29 | {CI.upper}{percentile bootstrapped CI upper limit for the estimated mediation effect} | ^ checkRd: (-1) estBootCIs.Rd:31: Lost braces; missing escapes or markup? 31 | {CI.lower}{percentile bootstrapped CI lower limit for the estimated mediation effect} | ^ checkRd: (-1) estBootCIs.Rd:31: Lost braces 31 | {CI.lower}{percentile bootstrapped CI lower limit for the estimated mediation effect} | ^ checkRd: (-1) tvma.Rd:89: Lost braces in \enumerate; meant \describe ? checkRd: (-1) tvma.Rd:90: Lost braces in \enumerate; meant \describe ? checkRd: (-1) tvma.Rd:91: Lost braces in \enumerate; meant \describe ? checkRd: (-1) tvma.Rd:92: Lost braces in \enumerate; meant \describe ? checkRd: (-1) tvma.Rd:93: Lost braces in \enumerate; meant \describe ? checkRd: (-1) tvma.Rd:94: Lost braces in \enumerate; meant \describe ? checkRd: (-1) tvma_3trt.Rd:116: Lost braces in \enumerate; meant \describe ? checkRd: (-1) tvma_3trt.Rd:117: Lost braces in \enumerate; meant \describe ? checkRd: (-1) tvma_3trt.Rd:118: Lost braces in \enumerate; meant \describe ? checkRd: (-1) tvma_3trt.Rd:119: Lost braces in \enumerate; meant \describe ? checkRd: (-1) tvma_3trt.Rd:120: Lost braces in \enumerate; meant \describe ? checkRd: (-1) tvma_3trt.Rd:121: Lost braces in \enumerate; meant \describe ? checkRd: (-1) tvma_3trt.Rd:122: Lost braces in \enumerate; meant \describe ? checkRd: (-1) tvma_3trt.Rd:123: Lost braces in \enumerate; meant \describe ? checkRd: (-1) tvma_3trt.Rd:124: Lost braces in \enumerate; meant \describe ? checkRd: (-1) tvma_3trt.Rd:125: Lost braces in \enumerate; meant \describe ? checkRd: (-1) tvma_3trt.Rd:126: Lost braces in \enumerate; meant \describe ? checkRd: (-1) tvmb.Rd:84: Lost braces in \enumerate; meant \describe ? checkRd: (-1) tvmb.Rd:85: Lost braces in \enumerate; meant \describe ? checkRd: (-1) tvmb.Rd:86: Lost braces in \enumerate; meant \describe ? checkRd: (-1) tvmb.Rd:87: Lost braces in \enumerate; meant \describe ? checkRd: (-1) tvmb.Rd:88: Lost braces in \enumerate; meant \describe ? checkRd: (-1) tvmb.Rd:89: Lost braces in \enumerate; meant \describe ? checkRd: (-1) tvmb.Rd:90: Lost braces in \enumerate; meant \describe ? Flavors: r-devel-linux-x86_64-debian-clang, r-devel-linux-x86_64-fedora-clang, r-devel-linux-x86_64-fedora-gcc, r-devel-windows-x86_64, r-patched-linux-x86_64, r-release-linux-x86_64, r-release-macos-arm64, r-release-macos-x86_64, r-release-windows-x86_64

Version: 1.1.0
Check: package dependencies
Result: ERROR Packages required but not available: 'dplyr', 'ggplot2' See section ‘The DESCRIPTION file’ in the ‘Writing R Extensions’ manual. Flavor: r-devel-linux-x86_64-debian-gcc