CRAN Package Check Results for Package twangContinuous

Last updated on 2022-11-30 03:58:38 CET.

Flavor Version Tinstall Tcheck Ttotal Status Flags
r-devel-linux-x86_64-debian-clang 1.0.0 8.84 85.36 94.20 OK
r-devel-linux-x86_64-debian-gcc 1.0.0 7.04 66.31 73.35 OK
r-devel-linux-x86_64-fedora-clang 1.0.0 128.99 NOTE
r-devel-linux-x86_64-fedora-gcc 1.0.0 129.27 NOTE
r-devel-windows-x86_64 1.0.0 32.00 121.00 153.00 OK
r-patched-linux-x86_64 1.0.0 8.53 83.47 92.00 OK
r-release-linux-x86_64 1.0.0 7.29 83.06 90.35 OK
r-release-macos-arm64 1.0.0 37.00 NOTE
r-release-macos-x86_64 1.0.0 52.00 NOTE
r-release-windows-x86_64 1.0.0 36.00 118.00 154.00 OK
r-oldrel-macos-arm64 1.0.0 46.00 NOTE
r-oldrel-macos-x86_64 1.0.0 66.00 NOTE
r-oldrel-windows-ix86+x86_64 1.0.0 19.00 113.00 132.00 OK

Check Details

Version: 1.0.0
Check: dependencies in R code
Result: NOTE
    Namespace in Imports field not imported from: ‘Rcpp’
     All declared Imports should be used.
Flavors: r-devel-linux-x86_64-fedora-clang, r-devel-linux-x86_64-fedora-gcc, r-release-macos-arm64, r-release-macos-x86_64, r-oldrel-macos-arm64, r-oldrel-macos-x86_64