CRAN Package Check Results for Package tweenr

Last updated on 2023-10-02 09:05:05 CEST.

Flavor Version Tinstall Tcheck Ttotal Status Flags
r-devel-linux-x86_64-debian-clang 2.0.2 28.59 47.38 75.97 NOTE
r-devel-linux-x86_64-debian-gcc 2.0.2 29.96 36.31 66.27 NOTE
r-devel-linux-x86_64-fedora-clang 2.0.2 108.07 NOTE
r-devel-linux-x86_64-fedora-gcc 2.0.2 118.51 NOTE
r-devel-windows-x86_64 2.0.2 34.00 74.00 108.00 NOTE
r-patched-linux-x86_64 2.0.2 44.19 46.01 90.20 NOTE
r-release-linux-x86_64 2.0.2 39.97 46.27 86.24 NOTE
r-release-macos-arm64 2.0.2 35.00 NOTE
r-release-macos-x86_64 2.0.2 47.00 NOTE
r-release-windows-x86_64 2.0.2 45.00 80.00 125.00 NOTE
r-oldrel-macos-arm64 2.0.2 28.00 OK
r-oldrel-macos-x86_64 2.0.2 41.00 OK
r-oldrel-windows-x86_64 2.0.2 39.00 72.00 111.00 OK

Check Details

Version: 2.0.2
Check: C++ specification
Result: NOTE
     Specified C++11: please drop specification unless essential
Flavors: r-devel-linux-x86_64-debian-clang, r-devel-linux-x86_64-debian-gcc, r-devel-linux-x86_64-fedora-clang, r-devel-linux-x86_64-fedora-gcc, r-devel-windows-x86_64, r-patched-linux-x86_64, r-release-linux-x86_64, r-release-macos-arm64, r-release-macos-x86_64, r-release-windows-x86_64