CRAN Package Check Results for Package twosamples

Last updated on 2021-11-30 23:51:55 CET.

Flavor Version Tinstall Tcheck Ttotal Status Flags
r-devel-linux-x86_64-debian-clang 1.1.1 18.42 27.18 45.60 NOTE
r-devel-linux-x86_64-debian-gcc 1.1.1 13.59 21.56 35.15 NOTE
r-devel-linux-x86_64-fedora-clang 1.1.1 80.06 NOTE
r-devel-linux-x86_64-fedora-gcc 1.1.1 59.82 NOTE
r-devel-windows-x86_64-new-UL 1.1.1 31.00 86.00 117.00 NOTE
r-devel-windows-x86_64-new-TK 1.1.1 NOTE
r-devel-windows-x86_64-old 1.1.1 27.00 41.00 68.00 NOTE
r-patched-linux-x86_64 1.1.1 17.12 26.25 43.37 NOTE
r-patched-solaris-x86 1.1.1 77.10 NOTE
r-release-linux-x86_64 1.1.1 16.05 26.00 42.05 NOTE
r-release-macos-arm64 1.1.1 NOTE
r-release-macos-x86_64 1.1.1 NOTE
r-release-windows-ix86+x86_64 1.1.1 51.00 55.00 106.00 NOTE
r-oldrel-macos-x86_64 1.1.1 OK
r-oldrel-windows-ix86+x86_64 1.1.1 41.00 69.00 110.00 OK

Check Details

Version: 1.1.1
Check: LazyData
Result: NOTE
     'LazyData' is specified without a 'data' directory
Flavors: r-devel-linux-x86_64-debian-clang, r-devel-linux-x86_64-debian-gcc, r-devel-linux-x86_64-fedora-clang, r-devel-linux-x86_64-fedora-gcc, r-devel-windows-x86_64-new-UL, r-devel-windows-x86_64-new-TK, r-devel-windows-x86_64-old, r-patched-linux-x86_64, r-patched-solaris-x86, r-release-linux-x86_64, r-release-macos-arm64, r-release-macos-x86_64, r-release-windows-ix86+x86_64