CRAN Package Check Results for Package ubiquity

Last updated on 2022-01-17 19:49:52 CET.

Flavor Version Tinstall Tcheck Ttotal Status Flags
r-devel-linux-x86_64-debian-clang 2.0.0 18.30 144.65 162.95 OK
r-devel-linux-x86_64-debian-gcc 2.0.0 15.10 108.85 123.95 OK
r-devel-linux-x86_64-fedora-clang 2.0.0 200.09 NOTE
r-devel-linux-x86_64-fedora-gcc 2.0.0 185.32 OK
r-devel-windows-x86_64-new-UL 2.0.0 230.00 212.00 442.00 NOTE
r-devel-windows-x86_64-new-TK 2.0.0 OK
r-patched-linux-x86_64 2.0.0 21.53 153.94 175.47 OK
r-release-linux-x86_64 2.0.0 OK
r-release-macos-arm64 2.0.0 NOTE
r-release-macos-x86_64 2.0.0 NOTE
r-release-windows-ix86+x86_64 2.0.0 38.00 194.00 232.00 NOTE
r-oldrel-macos-x86_64 2.0.0 NOTE
r-oldrel-windows-ix86+x86_64 2.0.0 39.00 200.00 239.00 NOTE

Check Details

Version: 2.0.0
Check: installed package size
Result: NOTE
     installed size is 10.0Mb
     sub-directories of 1Mb or more:
     doc 7.1Mb
     ubinc 2.0Mb
Flavors: r-devel-linux-x86_64-fedora-clang, r-devel-windows-x86_64-new-UL, r-release-macos-arm64, r-release-macos-x86_64, r-release-windows-ix86+x86_64, r-oldrel-macos-x86_64, r-oldrel-windows-ix86+x86_64