Last updated on 2023-05-31 01:03:34 CEST.
Flavor | Version | Tinstall | Tcheck | Ttotal | Status | Flags |
---|---|---|---|---|---|---|
r-devel-linux-x86_64-debian-clang | 1.2.4 | 584.97 | 258.80 | 843.77 | NOTE | |
r-devel-linux-x86_64-debian-gcc | 1.2.4 | 444.10 | 221.23 | 665.33 | NOTE | |
r-devel-linux-x86_64-fedora-clang | 1.2.4 | 970.42 | NOTE | |||
r-devel-linux-x86_64-fedora-gcc | 1.2.4 | 1383.35 | NOTE | |||
r-devel-windows-x86_64 | 1.2.4 | 352.00 | 264.00 | 616.00 | NOTE | |
r-patched-linux-x86_64 | 1.2.4 | 513.19 | 274.93 | 788.12 | NOTE | |
r-release-linux-x86_64 | 1.2.4 | 520.39 | 274.29 | 794.68 | NOTE | |
r-release-macos-arm64 | 1.2.4 | 308.00 | NOTE | |||
r-release-macos-x86_64 | 1.2.2 | 485.00 | NOTE | |||
r-release-windows-x86_64 | 1.2.4 | 415.00 | 335.00 | 750.00 | NOTE | |
r-oldrel-macos-arm64 | 1.2.4 | 327.00 | NOTE | |||
r-oldrel-macos-x86_64 | 1.2.4 | 383.00 | NOTE | |||
r-oldrel-windows-x86_64 | 1.2.4 | 342.00 | 315.00 | 657.00 | NOTE |
Version: 1.2.4
Check: for GNU extensions in Makefiles
Result: NOTE
GNU make is a SystemRequirements.
Flavors: r-devel-linux-x86_64-debian-clang, r-devel-linux-x86_64-debian-gcc, r-devel-linux-x86_64-fedora-clang, r-devel-linux-x86_64-fedora-gcc, r-devel-windows-x86_64, r-patched-linux-x86_64, r-release-linux-x86_64, r-release-macos-arm64, r-release-windows-x86_64, r-oldrel-macos-arm64, r-oldrel-macos-x86_64, r-oldrel-windows-x86_64
Version: 1.2.4
Check: installed package size
Result: NOTE
installed size is 7.6Mb
sub-directories of 1Mb or more:
R 1.4Mb
doc 1.0Mb
libs 4.9Mb
Flavors: r-devel-linux-x86_64-fedora-clang, r-devel-windows-x86_64, r-release-macos-arm64, r-release-windows-x86_64, r-oldrel-macos-arm64, r-oldrel-macos-x86_64, r-oldrel-windows-x86_64
Version: 1.2.2
Check: C++ specification
Result: NOTE
Specified C++14: please drop specification unless essential
Flavor: r-release-macos-x86_64
Version: 1.2.2
Check: installed package size
Result: NOTE
installed size is 67.8Mb
sub-directories of 1Mb or more:
R 2.1Mb
doc 1.0Mb
libs 64.5Mb
Flavor: r-release-macos-x86_64
Version: 1.2.2
Check: for GNU extensions in Makefiles
Result: NOTE
GNU make is a SystemRequirements.
Flavor: r-release-macos-x86_64