CRAN Package Check Results for Package udpipe

Last updated on 2022-01-25 08:52:14 CET.

Flavor Version Tinstall Tcheck Ttotal Status Flags
r-devel-linux-x86_64-debian-clang 0.8.8 149.10 416.46 565.56 OK
r-devel-linux-x86_64-debian-gcc 0.8.8 130.35 321.11 451.46 OK
r-devel-linux-x86_64-fedora-clang 0.8.8 701.05 NOTE
r-devel-linux-x86_64-fedora-gcc 0.8.8 741.01 OK
r-devel-windows-x86_64-new-UL 0.8.8 238.00 473.00 711.00 NOTE
r-devel-windows-x86_64-new-TK 0.8.8 OK
r-patched-linux-x86_64 0.8.8 154.89 425.47 580.36 OK
r-release-linux-x86_64 0.8.8 144.16 430.68 574.84 OK
r-release-macos-arm64 0.8.8 NOTE
r-release-macos-x86_64 0.8.8 NOTE
r-release-windows-ix86+x86_64 0.8.8 313.00 599.00 912.00 NOTE
r-oldrel-macos-x86_64 0.8.8 NOTE
r-oldrel-windows-ix86+x86_64 0.8.8 313.00 622.00 935.00 NOTE

Check Details

Version: 0.8.8
Check: installed package size
Result: NOTE
     installed size is 24.8Mb
     sub-directories of 1Mb or more:
     doc 1.4Mb
     dummydata 1.4Mb
     libs 20.1Mb
Flavors: r-devel-linux-x86_64-fedora-clang, r-devel-windows-x86_64-new-UL, r-release-macos-arm64, r-release-macos-x86_64, r-release-windows-ix86+x86_64, r-oldrel-macos-x86_64, r-oldrel-windows-ix86+x86_64