Last updated on 2023-09-25 05:01:40 CEST.
Flavor | Version | Tinstall | Tcheck | Ttotal | Status | Flags |
---|---|---|---|---|---|---|
r-devel-linux-x86_64-debian-clang | 0.8.11 | 154.38 | 378.55 | 532.93 | NOTE | |
r-devel-linux-x86_64-debian-gcc | 0.8.11 | 125.60 | 300.15 | 425.75 | NOTE | |
r-devel-linux-x86_64-fedora-clang | 0.8.11 | 675.83 | NOTE | |||
r-devel-linux-x86_64-fedora-gcc | 0.8.11 | 806.86 | NOTE | |||
r-devel-windows-x86_64 | 0.8.11 | 116.00 | 365.00 | 481.00 | NOTE | |
r-patched-linux-x86_64 | 0.8.11 | 164.86 | 404.91 | 569.77 | NOTE | |
r-release-linux-x86_64 | 0.8.11 | 162.80 | 406.10 | 568.90 | NOTE | |
r-release-macos-arm64 | 0.8.11 | 254.00 | NOTE | |||
r-release-macos-x86_64 | 0.8.11 | 373.00 | NOTE | |||
r-release-windows-x86_64 | 0.8.11 | 151.00 | 444.00 | 595.00 | NOTE | |
r-oldrel-macos-arm64 | 0.8.11 | 252.00 | NOTE | |||
r-oldrel-macos-x86_64 | 0.8.11 | 260.00 | NOTE | |||
r-oldrel-windows-x86_64 | 0.8.11 | 144.00 | 438.00 | 582.00 | NOTE |
Version: 0.8.11
Check: C++ specification
Result: NOTE
Specified C++11: please drop specification unless essential
Flavors: r-devel-linux-x86_64-debian-clang, r-devel-linux-x86_64-debian-gcc, r-devel-linux-x86_64-fedora-clang, r-devel-linux-x86_64-fedora-gcc, r-devel-windows-x86_64, r-patched-linux-x86_64, r-release-linux-x86_64, r-release-macos-arm64, r-release-macos-x86_64, r-release-windows-x86_64
Version: 0.8.11
Check: installed package size
Result: NOTE
installed size is 7.2Mb
sub-directories of 1Mb or more:
doc 1.4Mb
dummydata 1.4Mb
libs 2.5Mb
Flavors: r-devel-linux-x86_64-fedora-clang, r-devel-windows-x86_64, r-release-macos-arm64, r-release-macos-x86_64, r-release-windows-x86_64, r-oldrel-macos-arm64, r-oldrel-macos-x86_64, r-oldrel-windows-x86_64