Last updated on 2023-03-31 16:54:04 CEST.
Flavor | Version | Tinstall | Tcheck | Ttotal | Status | Flags |
---|---|---|---|---|---|---|
r-devel-linux-x86_64-debian-clang | 0.3.0 | 20.15 | 30.91 | 51.06 | NOTE | |
r-devel-linux-x86_64-debian-gcc | 0.3.0 | 15.85 | 24.46 | 40.31 | NOTE | |
r-devel-linux-x86_64-fedora-clang | 0.3.0 | 73.09 | NOTE | |||
r-devel-linux-x86_64-fedora-gcc | 0.3.0 | 74.93 | NOTE | |||
r-patched-linux-x86_64 | 0.3.0 | 17.06 | 29.30 | 46.36 | NOTE | |
r-release-linux-x86_64 | 0.3.0 | 16.41 | 31.11 | 47.52 | OK | |
r-release-macos-arm64 | 0.3.0 | 25.00 | OK | |||
r-release-macos-x86_64 | 0.3.0 | 32.00 | OK | |||
r-release-windows-x86_64 | 0.3.0 | 30.00 | 97.00 | 127.00 | OK | |
r-oldrel-macos-arm64 | 0.3.0 | 30.00 | OK | |||
r-oldrel-macos-x86_64 | 0.3.0 | 44.00 | OK | |||
r-oldrel-windows-ix86+x86_64 | 0.3.0 | 52.00 | 80.00 | 132.00 | OK |
Version: 0.3.0
Check: C++ specification
Result: NOTE
Specified C++11: please drop specification unless essential
Flavors: r-devel-linux-x86_64-debian-clang, r-devel-linux-x86_64-debian-gcc, r-devel-linux-x86_64-fedora-clang, r-devel-linux-x86_64-fedora-gcc, r-patched-linux-x86_64
Version: 0.3.0
Check: package subdirectories
Result: NOTE
Problems with news in ‘NEWS.md’:
No news entries found.
Flavors: r-devel-linux-x86_64-debian-clang, r-devel-linux-x86_64-debian-gcc, r-devel-linux-x86_64-fedora-clang, r-devel-linux-x86_64-fedora-gcc, r-patched-linux-x86_64