CRAN Package Check Results for Package unglue

Last updated on 2023-06-11 01:53:49 CEST.

Flavor Version Tinstall Tcheck Ttotal Status Flags
r-devel-linux-x86_64-debian-clang 0.1.0 2.15 24.63 26.78 NOTE
r-devel-linux-x86_64-debian-gcc 0.1.0 1.65 19.55 21.20 NOTE
r-devel-linux-x86_64-fedora-clang 0.1.0 35.08 NOTE
r-devel-linux-x86_64-fedora-gcc 0.1.0 44.63 NOTE
r-devel-windows-x86_64 0.1.0 8.00 42.00 50.00 NOTE
r-patched-linux-x86_64 0.1.0 2.60 24.14 26.74 NOTE
r-release-linux-x86_64 0.1.0 2.13 24.02 26.15 NOTE
r-release-macos-arm64 0.1.0 21.00 NOTE
r-release-macos-x86_64 0.1.0 40.00 NOTE
r-release-windows-x86_64 0.1.0 3.00 41.00 44.00 NOTE
r-oldrel-macos-arm64 0.1.0 22.00 NOTE
r-oldrel-macos-x86_64 0.1.0 28.00 NOTE
r-oldrel-windows-x86_64 0.1.0 5.00 45.00 50.00 NOTE

Check Details

Version: 0.1.0
Check: LazyData
Result: NOTE
     'LazyData' is specified without a 'data' directory
Flavors: r-devel-linux-x86_64-debian-clang, r-devel-linux-x86_64-debian-gcc, r-devel-linux-x86_64-fedora-clang, r-devel-linux-x86_64-fedora-gcc, r-devel-windows-x86_64, r-patched-linux-x86_64, r-release-linux-x86_64, r-release-macos-arm64, r-release-macos-x86_64, r-release-windows-x86_64, r-oldrel-macos-arm64, r-oldrel-macos-x86_64, r-oldrel-windows-x86_64