CRAN Package Check Results for Package ungroup

Last updated on 2023-03-31 08:54:15 CEST.

Flavor Version Tinstall Tcheck Ttotal Status Flags
r-devel-linux-x86_64-debian-clang 1.4.2 44.63 131.40 176.03 NOTE
r-devel-linux-x86_64-debian-gcc 1.4.2 43.71 105.18 148.89 NOTE
r-devel-linux-x86_64-fedora-clang 1.4.2 237.15 NOTE
r-devel-linux-x86_64-fedora-gcc 1.4.2 248.14 NOTE
r-patched-linux-x86_64 1.4.2 49.09 130.88 179.97 NOTE
r-release-linux-x86_64 1.4.2 42.06 126.52 168.58 NOTE
r-release-macos-arm64 1.4.2 66.00 NOTE
r-release-macos-x86_64 1.4.2 90.00 NOTE
r-release-windows-x86_64 1.4.2 63.00 210.00 273.00 OK
r-oldrel-macos-arm64 1.4.2 74.00 NOTE
r-oldrel-macos-x86_64 1.4.2 84.00 NOTE
r-oldrel-windows-ix86+x86_64 1.4.2 118.00 259.00 377.00 OK

Check Details

Version: 1.4.2
Check: package dependencies
Result: NOTE
    Package suggested but not available for checking: ‘MortalityLaws’
Flavors: r-devel-linux-x86_64-debian-clang, r-devel-linux-x86_64-debian-gcc, r-devel-linux-x86_64-fedora-clang, r-devel-linux-x86_64-fedora-gcc, r-patched-linux-x86_64, r-release-linux-x86_64

Version: 1.4.2
Check: Rd cross-references
Result: NOTE
    Unknown package ‘MortalityLaws’ in Rd xrefs
Flavors: r-devel-linux-x86_64-debian-clang, r-devel-linux-x86_64-debian-gcc, r-devel-linux-x86_64-fedora-clang, r-devel-linux-x86_64-fedora-gcc, r-patched-linux-x86_64, r-release-linux-x86_64

Version: 1.4.2
Check: installed package size
Result: NOTE
     installed size is 15.3Mb
     sub-directories of 1Mb or more:
     libs 14.6Mb
Flavors: r-release-macos-arm64, r-release-macos-x86_64, r-oldrel-macos-arm64, r-oldrel-macos-x86_64