CRAN Package Check Results for Package unine

Last updated on 2021-12-01 15:52:14 CET.

Flavor Version Tinstall Tcheck Ttotal Status Flags
r-devel-linux-x86_64-debian-clang 0.2.0 60.18 27.98 88.16 OK
r-devel-linux-x86_64-debian-gcc 0.2.0 39.00 22.60 61.60 OK
r-devel-linux-x86_64-fedora-clang 0.2.0 161.58 NOTE
r-devel-linux-x86_64-fedora-gcc 0.2.0 115.91 NOTE
r-devel-windows-x86_64-new-UL 0.2.0 85.00 86.00 171.00 OK
r-devel-windows-x86_64-new-TK 0.2.0 NOTE
r-devel-windows-x86_64-old 0.2.0 83.00 45.00 128.00 OK
r-patched-linux-x86_64 0.2.0 50.35 26.98 77.33 OK
r-patched-solaris-x86 0.2.0 120.00 NOTE
r-release-linux-x86_64 0.2.0 47.82 27.03 74.85 OK
r-release-macos-arm64 0.2.0 NOTE
r-release-macos-x86_64 0.2.0 NOTE
r-release-windows-ix86+x86_64 0.2.0 153.00 61.00 214.00 OK
r-oldrel-macos-x86_64 0.2.0 NOTE
r-oldrel-windows-ix86+x86_64 0.2.0 126.00 72.00 198.00 OK

Check Details

Version: 0.2.0
Check: data for non-ASCII characters
Result: NOTE
     Note: found 548 marked UTF-8 strings
Flavors: r-devel-linux-x86_64-fedora-clang, r-devel-linux-x86_64-fedora-gcc, r-devel-windows-x86_64-new-TK, r-patched-solaris-x86, r-release-macos-arm64, r-release-macos-x86_64, r-oldrel-macos-x86_64