CRAN Package Check Results for Package unisensR

Last updated on 2024-04-20 00:56:27 CEST.

Flavor Version Tinstall Tcheck Ttotal Status Flags
r-devel-linux-x86_64-debian-clang 0.3.3 2.47 35.79 38.26 NOTE
r-devel-linux-x86_64-debian-gcc 0.3.3 NOTE
r-devel-linux-x86_64-fedora-clang 0.3.3 47.71 NOTE
r-devel-linux-x86_64-fedora-gcc 0.3.3 45.95 NOTE
r-prerel-macos-arm64 0.3.3 22.00 NOTE
r-prerel-windows-x86_64 0.3.3 3.00 50.00 53.00 NOTE
r-patched-linux-x86_64 0.3.3 2.48 34.58 37.06 NOTE
r-release-linux-x86_64 0.3.3 1.85 34.33 36.18 NOTE
r-release-macos-arm64 0.3.3 22.00 NOTE
r-release-macos-x86_64 0.3.3 31.00 NOTE
r-release-windows-x86_64 0.3.3 4.00 53.00 57.00 NOTE
r-oldrel-macos-arm64 0.3.3 20.00 NOTE
r-oldrel-windows-x86_64 0.3.3 4.00 56.00 60.00 NOTE

Check Details

Version: 0.3.3
Check: LazyData
Result: NOTE 'LazyData' is specified without a 'data' directory Flavors: r-devel-linux-x86_64-debian-clang, r-devel-linux-x86_64-debian-gcc, r-devel-linux-x86_64-fedora-clang, r-devel-linux-x86_64-fedora-gcc, r-prerel-macos-arm64, r-prerel-windows-x86_64, r-patched-linux-x86_64, r-release-linux-x86_64, r-release-macos-arm64, r-release-macos-x86_64, r-release-windows-x86_64, r-oldrel-macos-arm64, r-oldrel-windows-x86_64